Last updated on 2025-11-11 15:50:32 CET.
| Flavor | Version | Tinstall | Tcheck | Ttotal | Status | Flags |
|---|---|---|---|---|---|---|
| r-devel-linux-x86_64-debian-clang | 1.0.0 | 3.21 | 33.49 | 36.70 | NOTE | |
| r-devel-linux-x86_64-debian-gcc | 1.0.0 | 2.47 | 24.07 | 26.54 | NOTE | |
| r-devel-linux-x86_64-fedora-clang | 1.0.0 | 14.00 | 43.80 | 57.80 | OK | |
| r-devel-linux-x86_64-fedora-gcc | 1.0.0 | 53.43 | OK | |||
| r-devel-windows-x86_64 | 1.0.0 | 6.00 | 52.00 | 58.00 | OK | |
| r-patched-linux-x86_64 | 1.0.0 | 3.53 | 31.94 | 35.47 | OK | |
| r-release-linux-x86_64 | 1.0.0 | 2.76 | 31.80 | 34.56 | OK | |
| r-release-macos-arm64 | 1.0.0 | 2.00 | 16.00 | 18.00 | OK | |
| r-release-macos-x86_64 | 1.0.0 | 3.00 | 32.00 | 35.00 | OK | |
| r-release-windows-x86_64 | 1.0.0 | 4.00 | 51.00 | 55.00 | OK | |
| r-oldrel-macos-arm64 | 1.0.0 | 2.00 | 16.00 | 18.00 | OK | |
| r-oldrel-macos-x86_64 | 1.0.0 | 3.00 | 27.00 | 30.00 | OK | |
| r-oldrel-windows-x86_64 | 1.0.0 | 5.00 | 51.00 | 56.00 | OK |
Version: 1.0.0
Check: CRAN incoming feasibility
Result: NOTE
Maintainer: ‘Victor Barreto Mesquita <victormesquita40@hotmail.com>’
No Authors@R field in DESCRIPTION.
Please add one, modifying
Authors@R: c(person(given = c("Victor", "Barreto"),
family = "Mesquita",
role = c("ctb", "aut", "cre"),
email = "victormesquita40@hotmail.com"),
person(given = c("Florêncio", "Mendes", "Oliveira"),
family = "Filho",
role = c("ctb", "aut")),
person(given = c("Ian", "Meneghel"),
family = "Danilevicz.",
role = c("ctb", "aut")))
as necessary.
Flavors: r-devel-linux-x86_64-debian-clang, r-devel-linux-x86_64-debian-gcc
These binaries (installable software) and packages are in development.
They may not be fully stable and should be used with caution. We make no claims about them.