Last updated on 2025-10-23 21:51:24 CEST.
Flavor | Version | Tinstall | Tcheck | Ttotal | Status | Flags |
---|---|---|---|---|---|---|
r-devel-linux-x86_64-debian-clang | 0.3.0 | 60.30 | 451.15 | 511.45 | OK | |
r-devel-linux-x86_64-debian-gcc | 0.3.0 | 39.81 | 323.40 | 363.21 | ERROR | |
r-devel-linux-x86_64-fedora-clang | 0.3.0 | 275.00 | 587.39 | 862.39 | OK | |
r-devel-linux-x86_64-fedora-gcc | 0.3.0 | 407.00 | 438.39 | 845.39 | OK | |
r-devel-windows-x86_64 | 0.3.0 | 57.00 | 361.00 | 418.00 | OK | |
r-patched-linux-x86_64 | 0.3.0 | 52.01 | 423.90 | 475.91 | OK | |
r-release-linux-x86_64 | 0.3.0 | 54.89 | 433.03 | 487.92 | OK | |
r-release-macos-arm64 | 0.3.0 | 5.00 | ERROR | |||
r-release-macos-x86_64 | 0.3.0 | 8.00 | ERROR | |||
r-release-windows-x86_64 | 0.3.0 | 58.00 | 370.00 | 428.00 | OK | |
r-oldrel-macos-arm64 | 0.3.0 | 9.00 | 9.00 | 18.00 | ERROR | |
r-oldrel-macos-x86_64 | 0.3.0 | 49.00 | 230.00 | 279.00 | OK | |
r-oldrel-windows-x86_64 | 0.3.0 | 72.00 | 491.00 | 563.00 | OK |
Version: 0.3.0
Check: examples
Result: ERROR
Running examples in ‘DFD-Ex.R’ failed
The error most likely occurred in:
> base::assign(".ptime", proc.time(), pos = "CheckExEnv")
> ### Name: convert_id
> ### Title: Convert Gene Symbols to ENTREZ IDs
> ### Aliases: convert_id
>
> ### ** Examples
>
> convert_id(c("TP53", "A2M"))
Error in gprofiler_request(url, body) :
There's an issue with your request to g:Profiler.
Error code: 503.
Please double check your input. If this doesn't help, then check your internet connection or contact us with a reproducible example on biit.support@ut.ee
Calls: convert_id -> gconvert -> gprofiler_request
Execution halted
Flavor: r-devel-linux-x86_64-debian-gcc
Version: 0.3.0
Check: package dependencies
Result: ERROR
Packages required but not available:
'signatureSearch', 'signatureSearchData'
See section ‘The DESCRIPTION file’ in the ‘Writing R Extensions’
manual.
Flavors: r-release-macos-arm64, r-release-macos-x86_64
Version: 0.3.0
Check: whether package can be installed
Result: ERROR
Installation failed.
Flavor: r-oldrel-macos-arm64
These binaries (installable software) and packages are in development.
They may not be fully stable and should be used with caution. We make no claims about them.