CRAN Package Check Results for Package DGEobj

Last updated on 2025-05-01 17:56:01 CEST.

Flavor Version Tinstall Tcheck Ttotal Status Flags
r-devel-linux-x86_64-debian-clang 1.1.2 4.06 49.78 53.84 NOTE
r-devel-linux-x86_64-debian-gcc 1.1.2 2.62 39.06 41.68 OK
r-devel-linux-x86_64-fedora-clang 1.1.2 90.20 OK
r-devel-linux-x86_64-fedora-gcc 1.1.2 94.84 OK
r-devel-windows-x86_64 1.1.2 5.00 73.00 78.00 OK
r-patched-linux-x86_64 1.1.2 4.05 47.27 51.32 OK
r-release-linux-x86_64 OK
r-release-macos-arm64 1.1.2 43.00 OK
r-release-macos-x86_64 1.1.2 64.00 OK
r-release-windows-x86_64 1.1.2 5.00 74.00 79.00 OK
r-oldrel-macos-arm64 1.1.2 33.00 OK
r-oldrel-macos-x86_64 1.1.2 50.00 OK
r-oldrel-windows-x86_64 1.1.2 6.00 89.00 95.00 OK

Check Details

Version: 1.1.2
Check: examples
Result: NOTE Examples with CPU (user + system) or elapsed time > 5s user system elapsed initDGEobj 3.782 0.142 5.171 Flavor: r-devel-linux-x86_64-debian-clang

These binaries (installable software) and packages are in development.
They may not be fully stable and should be used with caution. We make no claims about them.