Last updated on 2025-02-02 14:48:21 CET.
Flavor | Version | Tinstall | Tcheck | Ttotal | Status | Flags |
---|---|---|---|---|---|---|
r-devel-linux-x86_64-debian-clang | 1.0.6 | 5.27 | 125.33 | 130.60 | NOTE | |
r-devel-linux-x86_64-debian-gcc | 1.0.6 | 3.77 | 86.22 | 89.99 | NOTE | |
r-devel-linux-x86_64-fedora-clang | 1.0.6 | 236.11 | NOTE | |||
r-devel-linux-x86_64-fedora-gcc | 1.0.6 | 222.20 | NOTE | |||
r-devel-windows-x86_64 | 1.0.6 | 8.00 | 151.00 | 159.00 | NOTE | |
r-patched-linux-x86_64 | 1.0.6 | 5.37 | 120.96 | 126.33 | NOTE | |
r-release-linux-x86_64 | 1.0.6 | 5.09 | 118.10 | 123.19 | NOTE | |
r-release-macos-arm64 | 1.0.6 | 35.00 | NOTE | |||
r-release-macos-x86_64 | 1.0.6 | 149.00 | NOTE | |||
r-release-windows-x86_64 | 1.0.6 | 7.00 | 153.00 | 160.00 | NOTE | |
r-oldrel-macos-arm64 | 1.0.6 | 34.00 | NOTE | |||
r-oldrel-macos-x86_64 | 1.0.6 | 57.00 | NOTE | |||
r-oldrel-windows-x86_64 | 1.0.6 | 9.00 | 173.00 | 182.00 | OK |
Version: 1.0.6
Check: Rd files
Result: NOTE
checkRd: (-1) runContrasts.Rd:79: Lost braces in \itemize; meant \describe ?
checkRd: (-1) runContrasts.Rd:80: Lost braces in \itemize; meant \describe ?
checkRd: (-1) runContrasts.Rd:81: Lost braces in \itemize; meant \describe ?
checkRd: (-1) runContrasts.Rd:82: Lost braces in \itemize; meant \describe ?
Flavors: r-devel-linux-x86_64-debian-clang, r-devel-linux-x86_64-debian-gcc, r-devel-linux-x86_64-fedora-clang, r-devel-linux-x86_64-fedora-gcc, r-devel-windows-x86_64, r-patched-linux-x86_64, r-release-linux-x86_64, r-release-macos-arm64, r-release-macos-x86_64, r-release-windows-x86_64
Version: 1.0.6
Check: package dependencies
Result: NOTE
Package suggested but not available for checking: ‘zFPKM’
Flavor: r-release-macos-arm64
Version: 1.0.6
Check: package dependencies
Result: NOTE
Packages suggested but not available for checking:
'IHW', 'RNASeqPower', 'zFPKM'
Flavors: r-oldrel-macos-arm64, r-oldrel-macos-x86_64
These binaries (installable software) and packages are in development.
They may not be fully stable and should be used with caution. We make no claims about them.