CRAN Package Check Results for Package DGM

Last updated on 2025-07-11 13:48:24 CEST.

Flavor Version Tinstall Tcheck Ttotal Status Flags
r-devel-linux-x86_64-debian-clang 1.7.4 28.24 107.45 135.69 NOTE
r-devel-linux-x86_64-debian-gcc 1.7.4 19.50 74.20 93.70 NOTE
r-devel-linux-x86_64-fedora-clang 1.7.4 226.95 NOTE
r-devel-linux-x86_64-fedora-gcc 1.7.4 199.64 NOTE
r-devel-windows-x86_64 1.7.4 34.00 132.00 166.00 NOTE
r-patched-linux-x86_64 1.7.4 30.67 98.22 128.89 NOTE
r-release-linux-x86_64 1.7.4 26.79 97.62 124.41 NOTE
r-release-macos-arm64 1.7.4 58.00 NOTE
r-release-macos-x86_64 1.7.4 104.00 NOTE
r-release-windows-x86_64 1.7.4 35.00 136.00 171.00 NOTE
r-oldrel-macos-arm64 1.7.4 54.00 NOTE
r-oldrel-macos-x86_64 1.7.4 111.00 NOTE
r-oldrel-windows-x86_64 1.7.4 44.00 173.00 217.00 NOTE

Check Details

Version: 1.7.4
Check: CRAN incoming feasibility
Result: NOTE Maintainer: ‘Simon Schwab <schw4b@gmail.com>’ No Authors@R field in DESCRIPTION. Please add one, modifying Authors@R: c(person(given = "Simon", family = "Schwab", role = c("aut", "cre"), email = "schw4b@gmail.com"), person(given = "Ruth", family = "Harbord", role = "aut", email = "r.harbord@warwick.ac.uk"), person(given = "Lilia", family = "Costa", role = "aut", email = "liliacosta@ufba.br"), person(given = "Thomas", family = "Nichols", role = "aut", email = "t.e.nichols@warwick.ac.uk")) as necessary. Flavors: r-devel-linux-x86_64-debian-clang, r-devel-linux-x86_64-debian-gcc

Version: 1.7.4
Check: C++ specification
Result: NOTE Specified C++11: please drop specification unless essential Flavors: r-devel-linux-x86_64-debian-clang, r-devel-linux-x86_64-debian-gcc, r-devel-linux-x86_64-fedora-clang, r-devel-linux-x86_64-fedora-gcc, r-devel-windows-x86_64, r-patched-linux-x86_64, r-release-linux-x86_64, r-release-macos-arm64, r-release-macos-x86_64, r-release-windows-x86_64, r-oldrel-macos-arm64, r-oldrel-macos-x86_64, r-oldrel-windows-x86_64

These binaries (installable software) and packages are in development.
They may not be fully stable and should be used with caution. We make no claims about them.