Last updated on 2025-02-19 18:51:01 CET.
Flavor | Version | Tinstall | Tcheck | Ttotal | Status | Flags |
---|---|---|---|---|---|---|
r-devel-linux-x86_64-debian-clang | 1.7.4 | 28.33 | 100.54 | 128.87 | NOTE | |
r-devel-linux-x86_64-debian-gcc | 1.7.4 | 18.90 | 72.32 | 91.22 | NOTE | |
r-devel-linux-x86_64-fedora-clang | 1.7.4 | 205.61 | NOTE | |||
r-devel-linux-x86_64-fedora-gcc | 1.7.4 | 195.86 | NOTE | |||
r-devel-macos-arm64 | 1.7.4 | 53.00 | NOTE | |||
r-devel-macos-x86_64 | 1.7.4 | 114.00 | NOTE | |||
r-devel-windows-x86_64 | 1.7.4 | 33.00 | 124.00 | 157.00 | NOTE | |
r-patched-linux-x86_64 | 1.7.4 | 29.04 | 91.14 | 120.18 | NOTE | |
r-release-linux-x86_64 | 1.7.4 | 26.02 | 91.30 | 117.32 | NOTE | |
r-release-macos-arm64 | 1.7.4 | 54.00 | NOTE | |||
r-release-macos-x86_64 | 1.7.4 | 111.00 | NOTE | |||
r-release-windows-x86_64 | 1.7.4 | 31.00 | 127.00 | 158.00 | NOTE | |
r-oldrel-macos-arm64 | 1.7.4 | 57.00 | NOTE | |||
r-oldrel-macos-x86_64 | 1.7.4 | 106.00 | NOTE | |||
r-oldrel-windows-x86_64 | 1.7.4 | 41.00 | 171.00 | 212.00 | NOTE |
Version: 1.7.4
Check: C++ specification
Result: NOTE
Specified C++11: please drop specification unless essential
Flavors: r-devel-linux-x86_64-debian-clang, r-devel-linux-x86_64-debian-gcc, r-devel-linux-x86_64-fedora-clang, r-devel-linux-x86_64-fedora-gcc, r-devel-macos-arm64, r-devel-macos-x86_64, r-devel-windows-x86_64, r-patched-linux-x86_64, r-release-linux-x86_64, r-release-macos-arm64, r-release-macos-x86_64, r-release-windows-x86_64, r-oldrel-macos-arm64, r-oldrel-macos-x86_64, r-oldrel-windows-x86_64
These binaries (installable software) and packages are in development.
They may not be fully stable and should be used with caution. We make no claims about them.