Last updated on 2025-10-23 19:50:13 CEST.
Flavor | Version | Tinstall | Tcheck | Ttotal | Status | Flags |
---|---|---|---|---|---|---|
r-devel-linux-x86_64-debian-clang | 1.0.0.1 | 56.76 | 107.51 | 164.27 | OK | |
r-devel-linux-x86_64-debian-gcc | 1.0.0.1 | 41.57 | 78.27 | 119.84 | OK | |
r-devel-linux-x86_64-fedora-clang | 1.0.0.1 | 95.00 | 168.59 | 263.59 | OK | |
r-devel-linux-x86_64-fedora-gcc | 1.0.0.1 | 145.00 | 142.44 | 287.44 | OK | |
r-devel-windows-x86_64 | 1.0.0.1 | 63.00 | 130.00 | 193.00 | OK | |
r-patched-linux-x86_64 | 1.0.0.1 | 57.08 | 102.79 | 159.87 | OK | |
r-release-linux-x86_64 | 1.0.0.1 | 59.26 | 102.58 | 161.84 | OK | |
r-release-macos-arm64 | 1.0.0.1 | 23.00 | 54.00 | 77.00 | OK | |
r-release-macos-x86_64 | 1.0.0.1 | 31.00 | 77.00 | 108.00 | OK | |
r-release-windows-x86_64 | 1.0.0.1 | 63.00 | 136.00 | 199.00 | OK | |
r-oldrel-macos-arm64 | 1.0.0.1 | 22.00 | 55.00 | 77.00 | NOTE | |
r-oldrel-macos-x86_64 | 1.0.0.1 | 27.00 | 71.00 | 98.00 | NOTE | |
r-oldrel-windows-x86_64 | 1.0.0.1 | 77.00 | 168.00 | 245.00 | OK |
Version: 1.0.0.1
Check: installed package size
Result: NOTE
installed size is 5.6Mb
sub-directories of 1Mb or more:
libs 4.4Mb
Flavors: r-oldrel-macos-arm64, r-oldrel-macos-x86_64
These binaries (installable software) and packages are in development.
They may not be fully stable and should be used with caution. We make no claims about them.