Last updated on 2025-07-02 03:50:39 CEST.
Flavor | Version | Tinstall | Tcheck | Ttotal | Status | Flags |
---|---|---|---|---|---|---|
r-devel-linux-x86_64-debian-clang | 1.0.0.1 | 57.32 | 107.13 | 164.45 | OK | |
r-devel-linux-x86_64-debian-gcc | 1.0.0.1 | 41.58 | 77.35 | 118.93 | OK | |
r-devel-linux-x86_64-fedora-clang | 1.0.0.1 | 268.37 | OK | |||
r-devel-linux-x86_64-fedora-gcc | 1.0.0.1 | 289.57 | OK | |||
r-devel-windows-x86_64 | 1.0.0.1 | 68.00 | 129.00 | 197.00 | OK | |
r-patched-linux-x86_64 | OK | |||||
r-release-linux-x86_64 | 1.0.0.1 | 54.16 | 101.99 | 156.15 | OK | |
r-release-macos-arm64 | 1.0.0.1 | 77.00 | OK | |||
r-release-macos-x86_64 | 1.0.0.1 | 108.00 | OK | |||
r-release-windows-x86_64 | 1.0.0.1 | 64.00 | 135.00 | 199.00 | OK | |
r-oldrel-macos-arm64 | 1.0.0.1 | 77.00 | NOTE | |||
r-oldrel-macos-x86_64 | 1.0.0.1 | 98.00 | NOTE | |||
r-oldrel-windows-x86_64 | 1.0.0.1 | 77.00 | 162.00 | 239.00 | OK |
Version: 1.0.0.1
Check: installed package size
Result: NOTE
installed size is 5.6Mb
sub-directories of 1Mb or more:
libs 4.4Mb
Flavors: r-oldrel-macos-arm64, r-oldrel-macos-x86_64
These binaries (installable software) and packages are in development.
They may not be fully stable and should be used with caution. We make no claims about them.