CRAN Package Check Results for Package DHS.rates

Last updated on 2025-07-02 05:50:13 CEST.

Flavor Version Tinstall Tcheck Ttotal Status Flags
r-devel-linux-x86_64-debian-clang 0.9.2 7.47 75.21 82.68 NOTE
r-devel-linux-x86_64-debian-gcc 0.9.2 4.99 51.51 56.50 NOTE
r-devel-linux-x86_64-fedora-clang 0.9.2 137.81 NOTE
r-devel-linux-x86_64-fedora-gcc 0.9.2 141.61 NOTE
r-devel-windows-x86_64 0.9.2 9.00 88.00 97.00 OK
r-patched-linux-x86_64 OK
r-release-linux-x86_64 0.9.2 6.09 70.23 76.32 OK
r-release-macos-arm64 0.9.2 45.00 OK
r-release-macos-x86_64 0.9.2 85.00 OK
r-release-windows-x86_64 0.9.2 11.00 91.00 102.00 OK
r-oldrel-macos-arm64 0.9.2 43.00 OK
r-oldrel-macos-x86_64 0.9.2 74.00 OK
r-oldrel-windows-x86_64 0.9.2 13.00 106.00 119.00 OK

Check Details

Version: 0.9.2
Check: CRAN incoming feasibility
Result: NOTE Maintainer: ‘Mahmoud Elkasabi <mahmoudelkasabi@gmail.com>’ No Authors@R field in DESCRIPTION. Please add one, modifying Authors@R: person(given = "Mahmoud", family = "Elkasabi", role = c("aut", "cre"), email = "mahmoudelkasabi@gmail.com") as necessary. Flavors: r-devel-linux-x86_64-debian-clang, r-devel-linux-x86_64-debian-gcc

Version: 0.9.2
Check: dependencies in R code
Result: NOTE Namespace in Imports field not imported from: ‘rlang’ All declared Imports should be used. Flavors: r-devel-linux-x86_64-fedora-clang, r-devel-linux-x86_64-fedora-gcc

These binaries (installable software) and packages are in development.
They may not be fully stable and should be used with caution. We make no claims about them.