Last updated on 2025-05-08 04:52:03 CEST.
Flavor | Version | Tinstall | Tcheck | Ttotal | Status | Flags |
---|---|---|---|---|---|---|
r-devel-linux-x86_64-debian-clang | 1.0 | 101.93 | 287.93 | 389.86 | OK | |
r-devel-linux-x86_64-debian-gcc | 1.0 | 71.05 | 175.69 | 246.74 | OK | |
r-devel-linux-x86_64-fedora-clang | 1.0 | 730.96 | OK | |||
r-devel-linux-x86_64-fedora-gcc | 1.0 | 1717.90 | OK | |||
r-devel-windows-x86_64 | 1.0 | 111.00 | 236.00 | 347.00 | OK | |
r-patched-linux-x86_64 | 1.0 | 99.94 | 250.48 | 350.42 | OK | |
r-release-linux-x86_64 | 1.0 | 103.32 | 250.59 | 353.91 | OK | |
r-release-macos-arm64 | 1.0 | 189.00 | OK | |||
r-release-macos-x86_64 | 1.0 | 306.00 | OK | |||
r-release-windows-x86_64 | 1.0 | 113.00 | 250.00 | 363.00 | OK | |
r-oldrel-macos-arm64 | 1.0 | 172.00 | NOTE | |||
r-oldrel-macos-x86_64 | 1.0 | 213.00 | NOTE | |||
r-oldrel-windows-x86_64 | 1.0 | 129.00 | 323.00 | 452.00 | OK |
Version: 1.0
Check: installed package size
Result: NOTE
installed size is 6.7Mb
sub-directories of 1Mb or more:
libs 6.1Mb
Flavors: r-oldrel-macos-arm64, r-oldrel-macos-x86_64
These binaries (installable software) and packages are in development.
They may not be fully stable and should be used with caution. We make no claims about them.