Last updated on 2025-05-01 10:50:07 CEST.
Flavor | Version | Tinstall | Tcheck | Ttotal | Status | Flags |
---|---|---|---|---|---|---|
r-devel-linux-x86_64-debian-clang | 3.1.6 | 10.87 | 82.34 | 93.21 | NOTE | |
r-devel-linux-x86_64-debian-gcc | 3.1.6 | 8.60 | 59.91 | 68.51 | NOTE | |
r-devel-linux-x86_64-fedora-clang | 3.1.6 | 145.75 | OK | |||
r-devel-linux-x86_64-fedora-gcc | 3.1.6 | 137.39 | OK | |||
r-devel-windows-x86_64 | 3.1.6 | 12.00 | 95.00 | 107.00 | OK | |
r-patched-linux-x86_64 | 3.1.6 | 12.03 | 78.73 | 90.76 | OK | |
r-release-linux-x86_64 | OK | |||||
r-release-macos-arm64 | 3.1.6 | 42.00 | OK | |||
r-release-macos-x86_64 | 3.1.6 | 78.00 | OK | |||
r-release-windows-x86_64 | 3.1.6 | 12.00 | 102.00 | 114.00 | OK | |
r-oldrel-macos-arm64 | 3.1.6 | 38.00 | OK | |||
r-oldrel-macos-x86_64 | 3.1.6 | 60.00 | OK | |||
r-oldrel-windows-x86_64 | 3.1.6 | 15.00 | 112.00 | 127.00 | OK |
Version: 3.1.6
Check: CRAN incoming feasibility
Result: NOTE
Maintainer: ‘Moritz Berger <moritz.berger@imbie.uni-bonn.de>’
No Authors@R field in DESCRIPTION.
Please add one, modifying
Authors@R: person(given = "Moritz",
family = "Berger",
role = c("aut", "cre"),
email = "moritz.berger@imbie.uni-bonn.de")
as necessary.
Flavors: r-devel-linux-x86_64-debian-clang, r-devel-linux-x86_64-debian-gcc
These binaries (installable software) and packages are in development.
They may not be fully stable and should be used with caution. We make no claims about them.