Last updated on 2025-10-03 15:49:47 CEST.
Flavor | Version | Tinstall | Tcheck | Ttotal | Status | Flags |
---|---|---|---|---|---|---|
r-devel-linux-x86_64-debian-clang | 3.1.6 | 10.90 | 82.38 | 93.28 | NOTE | |
r-devel-linux-x86_64-debian-gcc | 3.1.6 | 6.60 | 61.15 | 67.75 | NOTE | |
r-devel-linux-x86_64-fedora-clang | 3.1.6 | 145.26 | OK | |||
r-devel-linux-x86_64-fedora-gcc | 3.1.6 | 152.78 | OK | |||
r-devel-windows-x86_64 | 3.1.6 | 11.00 | 92.00 | 103.00 | OK | |
r-patched-linux-x86_64 | 3.1.6 | 10.00 | 79.62 | 89.62 | OK | |
r-release-linux-x86_64 | 3.1.6 | 11.46 | 79.41 | 90.87 | OK | |
r-release-macos-arm64 | 3.1.6 | 42.00 | OK | |||
r-release-macos-x86_64 | 3.1.6 | 78.00 | OK | |||
r-release-windows-x86_64 | 3.1.6 | 12.00 | 101.00 | 113.00 | OK | |
r-oldrel-macos-arm64 | 3.1.6 | 38.00 | OK | |||
r-oldrel-macos-x86_64 | 3.1.6 | 60.00 | OK | |||
r-oldrel-windows-x86_64 | 3.1.6 | 16.00 | 110.00 | 126.00 | OK |
Version: 3.1.6
Check: CRAN incoming feasibility
Result: NOTE
Maintainer: ‘Moritz Berger <moritz.berger@imbie.uni-bonn.de>’
No Authors@R field in DESCRIPTION.
Please add one, modifying
Authors@R: person(given = "Moritz",
family = "Berger",
role = c("aut", "cre"),
email = "moritz.berger@imbie.uni-bonn.de")
as necessary.
Flavors: r-devel-linux-x86_64-debian-clang, r-devel-linux-x86_64-debian-gcc
These binaries (installable software) and packages are in development.
They may not be fully stable and should be used with caution. We make no claims about them.