Last updated on 2025-05-01 10:50:07 CEST.
Flavor | Version | Tinstall | Tcheck | Ttotal | Status | Flags |
---|---|---|---|---|---|---|
r-devel-linux-x86_64-debian-clang | 1.2.2 | 65.71 | 440.31 | 506.02 | NOTE | |
r-devel-linux-x86_64-debian-gcc | 1.2.2 | 42.30 | 327.72 | 370.02 | OK | |
r-devel-linux-x86_64-fedora-clang | 1.2.2 | 871.05 | OK | |||
r-devel-linux-x86_64-fedora-gcc | 1.2.2 | 831.17 | OK | |||
r-devel-windows-x86_64 | 1.2.2 | 64.00 | 359.00 | 423.00 | OK | |
r-patched-linux-x86_64 | 1.2.2 | 55.23 | 419.46 | 474.69 | OK | |
r-release-linux-x86_64 | OK | |||||
r-release-macos-arm64 | 1.2.2 | 5.00 | ERROR | |||
r-release-macos-x86_64 | 1.2.2 | 6.00 | ERROR | |||
r-release-windows-x86_64 | 1.2.2 | 63.00 | 364.00 | 427.00 | OK | |
r-oldrel-macos-arm64 | 1.2.2 | 190.00 | OK | |||
r-oldrel-macos-x86_64 | 1.2.2 | 299.00 | OK | |||
r-oldrel-windows-x86_64 | 1.2.2 | 79.00 | 481.00 | 560.00 | OK |
Version: 1.2.2
Check: examples
Result: NOTE
Examples with CPU (user + system) or elapsed time > 5s
user system elapsed
ClustDiffGenes 10.739 0.11 14.424
Flavor: r-devel-linux-x86_64-debian-clang
Version: 1.2.2
Check: examples
Result: NA
user system elapsed
ClustDiffGenes 8.283 0.367 12.314
OK
Flavor: r-devel-linux-x86_64-debian-gcc
Version: 1.2.2
Check: package dependencies
Result: ERROR
Package required but not available: ‘org.Hs.eg.db’
See section ‘The DESCRIPTION file’ in the ‘Writing R Extensions’
manual.
Flavor: r-release-macos-arm64
Version: 1.2.2
Check: package dependencies
Result: ERROR
Package required but not available: ‘TSCAN’
See section ‘The DESCRIPTION file’ in the ‘Writing R Extensions’
manual.
Flavor: r-release-macos-x86_64
These binaries (installable software) and packages are in development.
They may not be fully stable and should be used with caution. We make no claims about them.