CRAN Package Check Results for Package DLASSO

Last updated on 2025-10-27 01:52:37 CET.

Flavor Version Tinstall Tcheck Ttotal Status Flags
r-devel-linux-x86_64-debian-clang 2.0.2 2.04 28.03 30.07 NOTE
r-devel-linux-x86_64-debian-gcc 2.0.2 1.74 23.00 24.74 NOTE
r-devel-linux-x86_64-fedora-clang 2.0.2 45.45 OK
r-devel-linux-x86_64-fedora-gcc 2.0.2 43.15 OK
r-devel-windows-x86_64 2.0.2 4.00 47.00 51.00 OK
r-patched-linux-x86_64 2.0.2 2.03 28.35 30.38 OK
r-release-linux-x86_64 2.0.2 1.92 28.37 30.29 OK
r-release-macos-arm64 2.0.2 1.00 21.00 22.00 OK
r-release-macos-x86_64 2.0.2 2.00 32.00 34.00 OK
r-release-windows-x86_64 2.0.2 3.00 49.00 52.00 OK
r-oldrel-macos-arm64 2.0.2 1.00 18.00 19.00 OK
r-oldrel-macos-x86_64 2.0.2 2.00 26.00 28.00 OK
r-oldrel-windows-x86_64 2.0.2 3.00 62.00 65.00 OK

Check Details

Version: 2.0.2
Check: CRAN incoming feasibility
Result: NOTE Maintainer: ‘Hamed Haseli Mashhadi <hamedhaseli@gmail.com>’ No Authors@R field in DESCRIPTION. Please add one, modifying Authors@R: person(given = c("Hamed", "Haseli"), family = "Mashhadi", role = c("aut", "cre"), email = "hamedhaseli@gmail.com") as necessary. Flavors: r-devel-linux-x86_64-debian-clang, r-devel-linux-x86_64-debian-gcc

These binaries (installable software) and packages are in development.
They may not be fully stable and should be used with caution. We make no claims about them.