Last updated on 2024-07-27 15:50:15 CEST.
Flavor | Version | Tinstall | Tcheck | Ttotal | Status | Flags |
---|---|---|---|---|---|---|
r-devel-linux-x86_64-debian-clang | 0.4.0 | 3.07 | 31.85 | 34.92 | OK | |
r-devel-linux-x86_64-debian-gcc | 0.4.0 | OK | ||||
r-devel-linux-x86_64-fedora-clang | 0.4.0 | 44.41 | NOTE | |||
r-devel-linux-x86_64-fedora-gcc | 0.4.0 | 41.88 | NOTE | |||
r-devel-windows-x86_64 | 0.4.0 | 3.00 | 49.00 | 52.00 | OK | |
r-patched-linux-x86_64 | 0.4.0 | OK | ||||
r-release-linux-x86_64 | 0.4.0 | 3.28 | 30.23 | 33.51 | OK | |
r-release-macos-arm64 | 0.4.0 | 18.00 | OK | |||
r-release-macos-x86_64 | 0.4.0 | 29.00 | OK | |||
r-release-windows-x86_64 | 0.4.0 | 4.00 | 50.00 | 54.00 | OK | |
r-oldrel-macos-arm64 | 0.4.0 | 31.00 | OK | |||
r-oldrel-macos-x86_64 | 0.4.0 | 43.00 | OK | |||
r-oldrel-windows-x86_64 | 0.4.0 | 3.00 | 51.00 | 54.00 | OK |
Version: 0.4.0
Check: data for non-ASCII characters
Result: NOTE
Note: found 3 marked UTF-8 strings
Flavors: r-devel-linux-x86_64-fedora-clang, r-devel-linux-x86_64-fedora-gcc
These binaries (installable software) and packages are in development.
They may not be fully stable and should be used with caution. We make no claims about them.