Last updated on 2025-05-01 10:50:07 CEST.
Flavor | Version | Tinstall | Tcheck | Ttotal | Status | Flags |
---|---|---|---|---|---|---|
r-devel-linux-x86_64-debian-clang | 0.1.2 | 51.07 | 30.14 | 81.21 | NOTE | |
r-devel-linux-x86_64-debian-gcc | 0.1.2 | 34.80 | 23.53 | 58.33 | NOTE | |
r-devel-linux-x86_64-fedora-clang | 0.1.2 | 157.45 | OK | |||
r-devel-linux-x86_64-fedora-gcc | 0.1.2 | 142.38 | OK | |||
r-devel-windows-x86_64 | 0.1.2 | 60.00 | 77.00 | 137.00 | NOTE | |
r-patched-linux-x86_64 | 0.1.2 | 49.45 | 28.58 | 78.03 | NOTE | |
r-release-linux-x86_64 | NOTE | |||||
r-release-macos-arm64 | 0.1.2 | 40.00 | OK | |||
r-release-macos-x86_64 | 0.1.2 | 47.00 | OK | |||
r-release-windows-x86_64 | 0.1.2 | 62.00 | 157.00 | 219.00 | NOTE | |
r-oldrel-macos-arm64 | 0.1.2 | 38.00 | OK | |||
r-oldrel-macos-x86_64 | 0.1.2 | 44.00 | OK | |||
r-oldrel-windows-x86_64 | 0.1.2 | 67.00 | 85.00 | 152.00 | OK |
Version: 0.1.2
Check: Rd cross-references
Result: NOTE
Found the following Rd file(s) with Rd \link{} targets missing package
anchors:
EstimateDMQ.rd: DEoptim
fn.DEoptim.Rd: DEoptim
fn.solnp.Rd: solnp
Please provide package anchors for all Rd \link{} targets not in the
package itself and the base packages.
Flavors: r-devel-linux-x86_64-debian-clang, r-devel-linux-x86_64-debian-gcc, r-devel-windows-x86_64, r-patched-linux-x86_64, r-release-linux-x86_64, r-release-windows-x86_64
These binaries (installable software) and packages are in development.
They may not be fully stable and should be used with caution. We make no claims about them.