CRAN Package Check Results for Package DMQ

Last updated on 2025-07-11 13:48:24 CEST.

Flavor Version Tinstall Tcheck Ttotal Status Flags
r-devel-linux-x86_64-debian-clang 0.1.2 53.62 32.25 85.87 NOTE
r-devel-linux-x86_64-debian-gcc 0.1.2 36.43 25.87 62.30 NOTE
r-devel-linux-x86_64-fedora-clang 0.1.2 176.51 OK
r-devel-linux-x86_64-fedora-gcc 0.1.2 135.17 OK
r-devel-windows-x86_64 0.1.2 60.00 90.00 150.00 NOTE
r-patched-linux-x86_64 0.1.2 51.78 31.26 83.04 NOTE
r-release-linux-x86_64 0.1.2 50.36 30.96 81.32 NOTE
r-release-macos-arm64 0.1.2 40.00 OK
r-release-macos-x86_64 0.1.2 47.00 OK
r-release-windows-x86_64 0.1.2 59.00 79.00 138.00 NOTE
r-oldrel-macos-arm64 0.1.2 38.00 OK
r-oldrel-macos-x86_64 0.1.2 44.00 OK
r-oldrel-windows-x86_64 0.1.2 76.00 86.00 162.00 OK

Check Details

Version: 0.1.2
Check: Rd cross-references
Result: NOTE Found the following Rd file(s) with Rd \link{} targets missing package anchors: EstimateDMQ.rd: DEoptim fn.DEoptim.Rd: DEoptim fn.solnp.Rd: solnp Please provide package anchors for all Rd \link{} targets not in the package itself and the base packages. Flavors: r-devel-linux-x86_64-debian-clang, r-devel-linux-x86_64-debian-gcc, r-devel-windows-x86_64, r-patched-linux-x86_64, r-release-linux-x86_64, r-release-windows-x86_64

These binaries (installable software) and packages are in development.
They may not be fully stable and should be used with caution. We make no claims about them.