Last updated on 2024-07-27 15:50:15 CEST.
Flavor | Version | Tinstall | Tcheck | Ttotal | Status | Flags |
---|---|---|---|---|---|---|
r-devel-linux-x86_64-debian-clang | 0.1.2 | 64.23 | 37.71 | 101.94 | OK | |
r-devel-linux-x86_64-debian-gcc | 0.1.2 | NOTE | ||||
r-devel-linux-x86_64-fedora-clang | 0.1.2 | 193.56 | OK | |||
r-devel-linux-x86_64-fedora-gcc | 0.1.2 | 155.50 | OK | |||
r-devel-windows-x86_64 | 0.1.2 | 56.00 | 72.00 | 128.00 | NOTE | |
r-patched-linux-x86_64 | 0.1.2 | OK | ||||
r-release-linux-x86_64 | 0.1.2 | 56.22 | 36.11 | 92.33 | OK | |
r-release-macos-arm64 | 0.1.2 | 38.00 | OK | |||
r-release-macos-x86_64 | 0.1.2 | 44.00 | OK | |||
r-release-windows-x86_64 | 0.1.2 | 70.00 | 70.00 | 140.00 | OK | |
r-oldrel-macos-arm64 | 0.1.2 | 46.00 | OK | |||
r-oldrel-macos-x86_64 | 0.1.2 | 64.00 | OK | |||
r-oldrel-windows-x86_64 | 0.1.2 | 66.00 | 82.00 | 148.00 | OK |
Version: 0.1.2
Check: Rd cross-references
Result: NOTE
Found the following Rd file(s) with Rd \link{} targets missing package
anchors:
EstimateDMQ.rd: DEoptim
fn.DEoptim.Rd: DEoptim
fn.solnp.Rd: solnp
Please provide package anchors for all Rd \link{} targets not in the
package itself and the base packages.
Flavors: r-devel-linux-x86_64-debian-gcc, r-devel-windows-x86_64
These binaries (installable software) and packages are in development.
They may not be fully stable and should be used with caution. We make no claims about them.