CRAN Package Check Results for Package DMTL

Last updated on 2025-02-16 12:53:33 CET.

Flavor Version Tinstall Tcheck Ttotal Status Flags
r-devel-linux-x86_64-debian-clang 0.1.2 2.15 35.24 37.39 NOTE
r-devel-linux-x86_64-debian-gcc 0.1.2 1.76 27.94 29.70 NOTE
r-devel-linux-x86_64-fedora-clang 0.1.2 62.30 NOTE
r-devel-linux-x86_64-fedora-gcc 0.1.2 59.12 NOTE
r-devel-macos-arm64 0.1.2 31.00 NOTE
r-devel-macos-x86_64 0.1.2 39.00 NOTE
r-devel-windows-x86_64 0.1.2 3.00 59.00 62.00 NOTE
r-patched-linux-x86_64 0.1.2 2.03 33.61 35.64 NOTE
r-release-linux-x86_64 0.1.2 2.01 33.93 35.94 NOTE
r-release-macos-arm64 0.1.2 24.00 NOTE
r-release-macos-x86_64 0.1.2 37.00 NOTE
r-release-windows-x86_64 0.1.2 4.00 69.00 73.00 NOTE
r-oldrel-macos-arm64 0.1.2 28.00 NOTE
r-oldrel-macos-x86_64 0.1.2 37.00 NOTE
r-oldrel-windows-x86_64 0.1.2 5.00 99.00 104.00 NOTE

Check Details

Version: 0.1.2
Check: package subdirectories
Result: NOTE Problems with news in ‘NEWS.md’: No news entries found. Flavors: r-devel-linux-x86_64-debian-clang, r-devel-linux-x86_64-debian-gcc, r-devel-linux-x86_64-fedora-clang, r-devel-linux-x86_64-fedora-gcc, r-devel-macos-arm64, r-devel-macos-x86_64, r-devel-windows-x86_64, r-patched-linux-x86_64, r-release-linux-x86_64, r-release-macos-arm64, r-release-macos-x86_64, r-release-windows-x86_64, r-oldrel-macos-arm64, r-oldrel-macos-x86_64, r-oldrel-windows-x86_64

Version: 0.1.2
Check: LazyData
Result: NOTE 'LazyData' is specified without a 'data' directory Flavors: r-patched-linux-x86_64, r-release-linux-x86_64, r-release-macos-arm64, r-release-macos-x86_64, r-release-windows-x86_64, r-oldrel-macos-arm64, r-oldrel-macos-x86_64, r-oldrel-windows-x86_64

These binaries (installable software) and packages are in development.
They may not be fully stable and should be used with caution. We make no claims about them.