Last updated on 2025-05-01 12:49:26 CEST.
Flavor | Version | Tinstall | Tcheck | Ttotal | Status | Flags |
---|---|---|---|---|---|---|
r-devel-linux-x86_64-debian-clang | 0.0.2 | 8.38 | 52.35 | 60.73 | NOTE | |
r-devel-linux-x86_64-debian-gcc | 0.0.2 | 5.78 | 38.32 | 44.10 | NOTE | |
r-devel-linux-x86_64-fedora-clang | 0.0.2 | 93.53 | NOTE | |||
r-devel-linux-x86_64-fedora-gcc | 0.0.2 | 88.81 | NOTE | |||
r-devel-windows-x86_64 | 0.0.2 | 9.00 | 73.00 | 82.00 | NOTE | |
r-patched-linux-x86_64 | 0.0.2 | 8.18 | 49.25 | 57.43 | NOTE | |
r-release-linux-x86_64 | NOTE | |||||
r-release-macos-arm64 | 0.0.2 | 33.00 | NOTE | |||
r-release-macos-x86_64 | 0.0.2 | 74.00 | NOTE | |||
r-release-windows-x86_64 | 0.0.2 | 10.00 | 73.00 | 83.00 | NOTE | |
r-oldrel-macos-arm64 | 0.0.2 | 33.00 | NOTE | |||
r-oldrel-macos-x86_64 | 0.0.2 | 62.00 | NOTE | |||
r-oldrel-windows-x86_64 | 0.0.2 | 11.00 | 84.00 | 95.00 | NOTE |
Version: 0.0.2
Check: CRAN incoming feasibility
Result: NOTE
Maintainer: ‘Luis Torgo <ltorgo@dcc.fc.up.pt>’
Package CITATION file contains call(s) to old-style personList() or
as.personList(). Please use c() on person objects instead.
Package CITATION file contains call(s) to old-style citEntry(). Please
use bibentry() instead.
Flavors: r-devel-linux-x86_64-debian-clang, r-devel-linux-x86_64-debian-gcc
Version: 0.0.2
Check: Rd files
Result: NOTE
checkRd: (-1) outliers.ranking.Rd:142: Lost braces; missing escapes or markup?
142 | max ( 0, ( |g_{y,i}| - |g_{x,i}| ) / ( |g_{y,i}| + |g_{x,i}| ) ),
| ^
checkRd: (-1) outliers.ranking.Rd:142: Lost braces; missing escapes or markup?
142 | max ( 0, ( |g_{y,i}| - |g_{x,i}| ) / ( |g_{y,i}| + |g_{x,i}| ) ),
| ^
checkRd: (-1) outliers.ranking.Rd:142: Lost braces; missing escapes or markup?
142 | max ( 0, ( |g_{y,i}| - |g_{x,i}| ) / ( |g_{y,i}| + |g_{x,i}| ) ),
| ^
checkRd: (-1) outliers.ranking.Rd:142: Lost braces; missing escapes or markup?
142 | max ( 0, ( |g_{y,i}| - |g_{x,i}| ) / ( |g_{y,i}| + |g_{x,i}| ) ),
| ^
checkRd: (-1) outliers.ranking.Rd:143: Lost braces; missing escapes or markup?
143 | where g_{y,i} and g_{x,i} are the two groups involved in the merge at
| ^
checkRd: (-1) outliers.ranking.Rd:143: Lost braces; missing escapes or markup?
143 | where g_{y,i} and g_{x,i} are the two groups involved in the merge at
| ^
checkRd: (-1) outliers.ranking.Rd:144: Lost braces; missing escapes or markup?
144 | step i, and g_{x,i} is the group which X belongs to. Note that if X
| ^
Flavors: r-devel-linux-x86_64-debian-clang, r-devel-linux-x86_64-debian-gcc, r-devel-linux-x86_64-fedora-clang, r-devel-linux-x86_64-fedora-gcc, r-devel-windows-x86_64, r-patched-linux-x86_64, r-release-linux-x86_64, r-release-macos-arm64, r-release-macos-x86_64, r-release-windows-x86_64, r-oldrel-macos-arm64, r-oldrel-macos-x86_64, r-oldrel-windows-x86_64
Version: 0.0.2
Check: Rd cross-references
Result: NOTE
Found the following Rd file(s) with Rd \link{} targets missing package
anchors:
kNN.Rd: knn, knn1, knn.cv
rpartXse.Rd: rpart, prune.rpart
rt.prune.Rd: rpart, prune.rpart
Please provide package anchors for all Rd \link{} targets not in the
package itself and the base packages.
Flavors: r-devel-linux-x86_64-debian-clang, r-devel-linux-x86_64-debian-gcc, r-devel-windows-x86_64, r-patched-linux-x86_64, r-release-linux-x86_64, r-release-windows-x86_64
These binaries (installable software) and packages are in development.
They may not be fully stable and should be used with caution. We make no claims about them.