Last updated on 2025-07-01 11:49:17 CEST.
Flavor | Version | Tinstall | Tcheck | Ttotal | Status | Flags |
---|---|---|---|---|---|---|
r-devel-linux-x86_64-debian-clang | 0.0-1 | 12.72 | 154.86 | 167.58 | NOTE | |
r-devel-linux-x86_64-debian-gcc | 0.0-1 | 8.98 | 100.54 | 109.52 | NOTE | |
r-devel-linux-x86_64-fedora-clang | 0.0-1 | 268.41 | NOTE | |||
r-devel-linux-x86_64-fedora-gcc | 0.0-1 | 267.26 | NOTE | |||
r-devel-windows-x86_64 | 0.0-1 | 13.00 | 150.00 | 163.00 | NOTE | |
r-patched-linux-x86_64 | NOTE | |||||
r-release-linux-x86_64 | 0.0-1 | 10.89 | 142.86 | 153.75 | NOTE | |
r-release-macos-arm64 | 0.0-1 | 66.00 | NOTE | |||
r-release-macos-x86_64 | 0.0-1 | 126.00 | NOTE | |||
r-release-windows-x86_64 | 0.0-1 | 12.00 | 152.00 | 164.00 | NOTE | |
r-oldrel-macos-arm64 | 0.0-1 | 63.00 | NOTE | |||
r-oldrel-macos-x86_64 | 0.0-1 | 98.00 | NOTE | |||
r-oldrel-windows-x86_64 | 0.0-1 | 17.00 | 195.00 | 212.00 | NOTE |
Version: 0.0-1
Check: Rd files
Result: NOTE
checkRd: (-1) setCPT.O.Rd:85: Lost braces; missing escapes or markup?
85 | statespace {0,1,2}, which this is *not* checked anywhere. Thus, if
| ^
Flavors: r-devel-linux-x86_64-debian-clang, r-devel-linux-x86_64-debian-gcc, r-devel-linux-x86_64-fedora-clang, r-devel-linux-x86_64-fedora-gcc, r-devel-windows-x86_64, r-patched-linux-x86_64, r-release-linux-x86_64, r-release-macos-arm64, r-release-macos-x86_64, r-release-windows-x86_64, r-oldrel-macos-arm64, r-oldrel-macos-x86_64, r-oldrel-windows-x86_64
These binaries (installable software) and packages are in development.
They may not be fully stable and should be used with caution. We make no claims about them.