Last updated on 2025-02-16 10:50:44 CET.
Flavor | Version | Tinstall | Tcheck | Ttotal | Status | Flags |
---|---|---|---|---|---|---|
r-devel-linux-x86_64-debian-clang | 0.0-1 | 12.82 | 149.85 | 162.67 | NOTE | |
r-devel-linux-x86_64-debian-gcc | 0.0-1 | 7.47 | 96.35 | 103.82 | NOTE | |
r-devel-linux-x86_64-fedora-clang | 0.0-1 | 260.84 | NOTE | |||
r-devel-linux-x86_64-fedora-gcc | 0.0-1 | 241.98 | NOTE | |||
r-devel-macos-arm64 | 0.0-1 | 68.00 | NOTE | |||
r-devel-macos-x86_64 | 0.0-1 | 126.00 | NOTE | |||
r-devel-windows-x86_64 | 0.0-1 | 12.00 | 149.00 | 161.00 | NOTE | |
r-patched-linux-x86_64 | 0.0-1 | 11.83 | 140.81 | 152.64 | NOTE | |
r-release-linux-x86_64 | 0.0-1 | 10.57 | 141.08 | 151.65 | NOTE | |
r-release-macos-arm64 | 0.0-1 | 63.00 | NOTE | |||
r-release-macos-x86_64 | 0.0-1 | 98.00 | NOTE | |||
r-release-windows-x86_64 | 0.0-1 | 11.00 | 151.00 | 162.00 | NOTE | |
r-oldrel-macos-arm64 | 0.0-1 | 80.00 | OK | |||
r-oldrel-macos-x86_64 | 0.0-1 | 116.00 | OK | |||
r-oldrel-windows-x86_64 | 0.0-1 | 17.00 | 172.00 | 189.00 | OK |
Version: 0.0-1
Check: Rd files
Result: NOTE
checkRd: (-1) setCPT.O.Rd:85: Lost braces; missing escapes or markup?
85 | statespace {0,1,2}, which this is *not* checked anywhere. Thus, if
| ^
Flavors: r-devel-linux-x86_64-debian-clang, r-devel-linux-x86_64-debian-gcc, r-devel-linux-x86_64-fedora-clang, r-devel-linux-x86_64-fedora-gcc, r-devel-macos-arm64, r-devel-macos-x86_64, r-devel-windows-x86_64, r-patched-linux-x86_64, r-release-linux-x86_64, r-release-macos-arm64, r-release-macos-x86_64, r-release-windows-x86_64
These binaries (installable software) and packages are in development.
They may not be fully stable and should be used with caution. We make no claims about them.