Last updated on 2025-05-01 10:50:07 CEST.
Flavor | Version | Tinstall | Tcheck | Ttotal | Status | Flags |
---|---|---|---|---|---|---|
r-devel-linux-x86_64-debian-clang | 1.4.2 | 6.27 | 51.35 | 57.62 | NOTE | |
r-devel-linux-x86_64-debian-gcc | 1.4.2 | 5.25 | 40.23 | 45.48 | NOTE | |
r-devel-linux-x86_64-fedora-clang | 1.4.2 | 88.67 | OK | |||
r-devel-linux-x86_64-fedora-gcc | 1.4.2 | 85.46 | OK | |||
r-devel-windows-x86_64 | 1.4.2 | 7.00 | 70.00 | 77.00 | OK | |
r-patched-linux-x86_64 | 1.4.2 | 6.63 | 48.77 | 55.40 | OK | |
r-release-linux-x86_64 | OK | |||||
r-release-macos-arm64 | 1.4.2 | 29.00 | OK | |||
r-release-macos-x86_64 | 1.4.2 | 56.00 | OK | |||
r-release-windows-x86_64 | 1.4.2 | 8.00 | 71.00 | 79.00 | OK | |
r-oldrel-macos-arm64 | 1.4.2 | 27.00 | OK | |||
r-oldrel-macos-x86_64 | 1.4.2 | 47.00 | OK | |||
r-oldrel-windows-x86_64 | 1.4.2 | 8.00 | 77.00 | 85.00 | OK |
Version: 1.4.2
Check: CRAN incoming feasibility
Result: NOTE
Maintainer: ‘Zhilong Jia <zhilongjia@gmail.com>’
Package CITATION file contains call(s) to old-style personList() or
as.personList(). Please use c() on person objects instead.
Package CITATION file contains call(s) to old-style citEntry(). Please
use bibentry() instead.
Flavors: r-devel-linux-x86_64-debian-clang, r-devel-linux-x86_64-debian-gcc
These binaries (installable software) and packages are in development.
They may not be fully stable and should be used with caution. We make no claims about them.