Last updated on 2025-05-01 14:49:08 CEST.
Flavor | Version | Tinstall | Tcheck | Ttotal | Status | Flags |
---|---|---|---|---|---|---|
r-devel-linux-x86_64-debian-clang | 1.0.0 | 2.24 | 23.53 | 25.77 | NOTE | |
r-devel-linux-x86_64-debian-gcc | 1.0.0 | 1.60 | 18.96 | 20.56 | NOTE | |
r-devel-linux-x86_64-fedora-clang | 1.0.0 | 39.90 | OK | |||
r-devel-linux-x86_64-fedora-gcc | 1.0.0 | 38.49 | OK | |||
r-devel-windows-x86_64 | 1.0.0 | 3.00 | 52.00 | 55.00 | OK | |
r-patched-linux-x86_64 | 1.0.0 | 2.51 | 22.63 | 25.14 | OK | |
r-release-linux-x86_64 | OK | |||||
r-release-macos-arm64 | 1.0.0 | 30.00 | OK | |||
r-release-macos-x86_64 | 1.0.0 | 28.00 | OK | |||
r-release-windows-x86_64 | 1.0.0 | 3.00 | 54.00 | 57.00 | OK | |
r-oldrel-macos-arm64 | 1.0.0 | 17.00 | OK | |||
r-oldrel-macos-x86_64 | 1.0.0 | 23.00 | OK | |||
r-oldrel-windows-x86_64 | 1.0.0 | 4.00 | 50.00 | 54.00 | OK |
Version: 1.0.0
Check: CRAN incoming feasibility
Result: NOTE
Maintainer: ‘Paul Rosenbaum <rosenbaum@wharton.upenn.edu>’
No Authors@R field in DESCRIPTION.
Please add one, modifying
Authors@R: c(person(given = c("Paul", "R."),
family = "Rosenbaum",
role = "aut"),
person(given = "Paul",
family = "Rosenbaum",
role = "cre",
email = "rosenbaum@wharton.upenn.edu"))
as necessary.
Flavors: r-devel-linux-x86_64-debian-clang, r-devel-linux-x86_64-debian-gcc
These binaries (installable software) and packages are in development.
They may not be fully stable and should be used with caution. We make no claims about them.