Last updated on 2025-10-24 01:50:24 CEST.
| Flavor | Version | Tinstall | Tcheck | Ttotal | Status | Flags |
|---|---|---|---|---|---|---|
| r-devel-linux-x86_64-debian-clang | 0.5.2 | 2.71 | 33.81 | 36.52 | NOTE | |
| r-devel-linux-x86_64-debian-gcc | 0.5.2 | 2.15 | 26.28 | 28.43 | NOTE | |
| r-devel-linux-x86_64-fedora-clang | 0.5.2 | 53.41 | OK | |||
| r-devel-linux-x86_64-fedora-gcc | 0.5.2 | 53.04 | OK | |||
| r-devel-windows-x86_64 | 0.5.2 | 5.00 | 55.00 | 60.00 | OK | |
| r-patched-linux-x86_64 | 0.5.2 | 3.37 | 32.42 | 35.79 | OK | |
| r-release-linux-x86_64 | 0.5.2 | 3.03 | 31.87 | 34.90 | OK | |
| r-release-macos-arm64 | 0.5.2 | 2.00 | 22.00 | 24.00 | OK | |
| r-release-macos-x86_64 | 0.5.2 | 3.00 | 32.00 | 35.00 | OK | |
| r-release-windows-x86_64 | 0.5.2 | 4.00 | 57.00 | 61.00 | OK | |
| r-oldrel-macos-arm64 | 0.5.2 | 1.00 | 19.00 | 20.00 | OK | |
| r-oldrel-macos-x86_64 | 0.5.2 | 2.00 | 27.00 | 29.00 | OK | |
| r-oldrel-windows-x86_64 | 0.5.2 | 6.00 | 66.00 | 72.00 | OK |
Version: 0.5.2
Check: CRAN incoming feasibility
Result: NOTE
Maintainer: ‘Paul Rosenbaum <rosenbaum@wharton.upenn.edu>’
No Authors@R field in DESCRIPTION.
Please add one, modifying
Authors@R: c(person(given = c("Paul", "R."),
family = "Rosenbaum",
role = "aut"),
person(given = "Paul",
family = "Rosenbaum",
role = "cre",
email = "rosenbaum@wharton.upenn.edu"))
as necessary.
Flavors: r-devel-linux-x86_64-debian-clang, r-devel-linux-x86_64-debian-gcc
These binaries (installable software) and packages are in development.
They may not be fully stable and should be used with caution. We make no claims about them.