Last updated on 2025-10-24 05:50:37 CEST.
| Flavor | Version | Tinstall | Tcheck | Ttotal | Status | Flags |
|---|---|---|---|---|---|---|
| r-devel-linux-x86_64-debian-clang | 0.1 | 2.28 | 27.85 | 30.13 | NOTE | |
| r-devel-linux-x86_64-debian-gcc | 0.1 | 2.05 | 23.17 | 25.22 | NOTE | |
| r-devel-linux-x86_64-fedora-clang | 0.1 | 12.00 | 35.29 | 47.29 | NOTE | |
| r-devel-linux-x86_64-fedora-gcc | 0.1 | 44.08 | NOTE | |||
| r-devel-windows-x86_64 | 0.1 | 4.00 | 48.00 | 52.00 | OK | |
| r-patched-linux-x86_64 | 0.1 | 2.33 | 26.76 | 29.09 | NOTE | |
| r-release-linux-x86_64 | 0.1 | 2.08 | 27.07 | 29.15 | NOTE | |
| r-release-macos-arm64 | 0.1 | 2.00 | 18.00 | 20.00 | OK | |
| r-release-macos-x86_64 | 0.1 | 2.00 | 31.00 | 33.00 | OK | |
| r-release-windows-x86_64 | 0.1 | 4.00 | 50.00 | 54.00 | OK | |
| r-oldrel-macos-arm64 | 0.1 | 1.00 | 18.00 | 19.00 | OK | |
| r-oldrel-macos-x86_64 | 0.1 | 2.00 | 28.00 | 30.00 | OK | |
| r-oldrel-windows-x86_64 | 0.1 | 5.00 | 54.00 | 59.00 | OK |
Version: 0.1
Check: CRAN incoming feasibility
Result: NOTE
Maintainer: ‘E. F. Haghish <haghish@imbi.uni-freiburg.de>’
No Authors@R field in DESCRIPTION.
Please add one, modifying
Authors@R: person(given = c("E.", "F."),
family = "Haghish",
role = c("aut", "cre"),
email = "haghish@imbi.uni-freiburg.de")
as necessary.
The BugReports field in DESCRIPTION has
http://github.com/haghish/DOT
which should likely be
http://github.com/haghish/DOT/issues
instead.
Flavors: r-devel-linux-x86_64-debian-clang, r-devel-linux-x86_64-debian-gcc
Version: 0.1
Check: for non-standard things in the check directory
Result: NOTE
Found the following files/directories:
‘myfile.ps’ ‘myfile.svg’
Flavors: r-devel-linux-x86_64-debian-clang, r-devel-linux-x86_64-debian-gcc, r-devel-linux-x86_64-fedora-clang, r-devel-linux-x86_64-fedora-gcc, r-patched-linux-x86_64, r-release-linux-x86_64
These binaries (installable software) and packages are in development.
They may not be fully stable and should be used with caution. We make no claims about them.