Last updated on 2025-10-03 03:50:37 CEST.
Flavor | Version | Tinstall | Tcheck | Ttotal | Status | Flags |
---|---|---|---|---|---|---|
r-devel-linux-x86_64-debian-clang | 1.10 | 67.49 | 203.70 | 271.19 | OK | |
r-devel-linux-x86_64-debian-gcc | 1.10 | 41.41 | 119.97 | 161.38 | OK | |
r-devel-linux-x86_64-fedora-clang | 1.10 | 462.92 | OK | |||
r-devel-linux-x86_64-fedora-gcc | 1.10 | 444.27 | OK | |||
r-devel-windows-x86_64 | 1.10 | 78.00 | 206.00 | 284.00 | OK | |
r-patched-linux-x86_64 | 1.10 | 65.88 | 184.20 | 250.08 | OK | |
r-release-linux-x86_64 | 1.10 | 69.50 | 183.73 | 253.23 | OK | |
r-release-macos-arm64 | 1.10 | 118.00 | OK | |||
r-release-macos-x86_64 | 1.10 | 207.00 | OK | |||
r-release-windows-x86_64 | 1.10 | 73.00 | 207.00 | 280.00 | OK | |
r-oldrel-macos-arm64 | 1.10 | 119.00 | NOTE | |||
r-oldrel-macos-x86_64 | 1.10 | 158.00 | NOTE | |||
r-oldrel-windows-x86_64 | 1.10 | 89.00 | 288.00 | 377.00 | OK |
Version: 1.10
Check: installed package size
Result: NOTE
installed size is 5.0Mb
sub-directories of 1Mb or more:
libs 4.4Mb
Flavors: r-oldrel-macos-arm64, r-oldrel-macos-x86_64
These binaries (installable software) and packages are in development.
They may not be fully stable and should be used with caution. We make no claims about them.