Last updated on 2025-05-08 04:52:03 CEST.
Flavor | Version | Tinstall | Tcheck | Ttotal | Status | Flags |
---|---|---|---|---|---|---|
r-devel-linux-x86_64-debian-clang | 1.10 | 67.36 | 198.83 | 266.19 | OK | |
r-devel-linux-x86_64-debian-gcc | 1.10 | 47.56 | 122.75 | 170.31 | OK | |
r-devel-linux-x86_64-fedora-clang | 1.10 | 462.63 | OK | |||
r-devel-linux-x86_64-fedora-gcc | 1.10 | 460.61 | OK | |||
r-devel-windows-x86_64 | 1.10 | 73.00 | 204.00 | 277.00 | OK | |
r-patched-linux-x86_64 | 1.10 | 62.43 | 178.31 | 240.74 | OK | |
r-release-linux-x86_64 | 1.10 | 61.06 | 178.47 | 239.53 | OK | |
r-release-macos-arm64 | 1.10 | 118.00 | OK | |||
r-release-macos-x86_64 | 1.10 | 207.00 | OK | |||
r-release-windows-x86_64 | 1.10 | 73.00 | 207.00 | 280.00 | OK | |
r-oldrel-macos-arm64 | 1.10 | 119.00 | NOTE | |||
r-oldrel-macos-x86_64 | 1.10 | 158.00 | NOTE | |||
r-oldrel-windows-x86_64 | 1.10 | 87.00 | 289.00 | 376.00 | OK |
Version: 1.10
Check: installed package size
Result: NOTE
installed size is 5.0Mb
sub-directories of 1Mb or more:
libs 4.4Mb
Flavors: r-oldrel-macos-arm64, r-oldrel-macos-x86_64
These binaries (installable software) and packages are in development.
They may not be fully stable and should be used with caution. We make no claims about them.