CRAN Package Check Results for Package DOvalidation

Last updated on 2025-05-24 19:49:13 CEST.

Flavor Version Tinstall Tcheck Ttotal Status Flags
r-devel-linux-x86_64-debian-clang 1.1.0 3.68 29.80 33.48 NOTE
r-devel-linux-x86_64-debian-gcc 1.1.0 2.20 22.42 24.62 NOTE
r-devel-linux-x86_64-fedora-clang 1.1.0 55.74 OK
r-devel-linux-x86_64-fedora-gcc 1.1.0 50.56 OK
r-devel-windows-x86_64 1.1.0 5.00 49.00 54.00 OK
r-patched-linux-x86_64 1.1.0 3.68 28.14 31.82 OK
r-release-linux-x86_64 1.1.0 3.35 28.27 31.62 OK
r-release-macos-arm64 1.1.0 21.00 OK
r-release-macos-x86_64 1.1.0 37.00 OK
r-release-windows-x86_64 1.1.0 4.00 50.00 54.00 OK
r-oldrel-macos-arm64 1.1.0 18.00 OK
r-oldrel-macos-x86_64 1.1.0 29.00 OK
r-oldrel-windows-x86_64 1.1.0 4.00 49.00 53.00 OK

Check Details

Version: 1.1.0
Check: CRAN incoming feasibility
Result: NOTE Maintainer: ‘Maria Dolores Martinez-Miranda <mmiranda@ugr.es>’ No Authors@R field in DESCRIPTION. Please add one, modifying Authors@R: c(person(given = "M.L.", family = "Gamiz", role = "aut"), person(given = "E.", family = "Mammen", role = "aut"), person(given = "M.D.", family = "Martinez-Miranda", role = "aut"), person(given = "J.P.", family = "Nielsen", role = "aut"), person(given = c("Maria", "Dolores"), family = "Martinez-Miranda", role = "cre", email = "mmiranda@ugr.es")) as necessary. Flavors: r-devel-linux-x86_64-debian-clang, r-devel-linux-x86_64-debian-gcc

These binaries (installable software) and packages are in development.
They may not be fully stable and should be used with caution. We make no claims about them.