Last updated on 2025-10-23 17:50:46 CEST.
| Flavor | Version | Tinstall | Tcheck | Ttotal | Status | Flags |
|---|---|---|---|---|---|---|
| r-devel-linux-x86_64-debian-clang | 2025.10 | 6.01 | 69.66 | 75.67 | NOTE | |
| r-devel-linux-x86_64-debian-gcc | 2025.10 | 4.94 | 50.10 | 55.04 | OK | |
| r-devel-linux-x86_64-fedora-clang | 2025.10-1 | 21.00 | 99.59 | 120.59 | OK | |
| r-devel-linux-x86_64-fedora-gcc | 2025.10-1 | 11.00 | 101.03 | 112.03 | OK | |
| r-devel-windows-x86_64 | 2025.10 | 12.00 | 82.00 | 94.00 | OK | |
| r-patched-linux-x86_64 | 2025.10 | 6.23 | 63.77 | 70.00 | OK | |
| r-release-linux-x86_64 | 2025.10 | 6.26 | 63.30 | 69.56 | OK | |
| r-release-macos-arm64 | 2025.10-1 | 2.00 | 31.00 | 33.00 | OK | |
| r-release-macos-x86_64 | 2025.10-1 | 11.00 | 92.00 | 103.00 | OK | |
| r-release-windows-x86_64 | 2025.10 | 12.00 | 95.00 | 107.00 | OK | |
| r-oldrel-macos-arm64 | 2025.10-1 | 2.00 | 33.00 | 35.00 | OK | |
| r-oldrel-macos-x86_64 | 2025.10-1 | 13.00 | 98.00 | 111.00 | OK | |
| r-oldrel-windows-x86_64 | 2025.10 | 10.00 | 95.00 | 105.00 | OK |
Version: 2025.10
Check: HTML version of manual
Result: NOTE
Found the following HTML validation problems:
S3method.dpi.html:108:1 (S3method.dpi.Rd:35): Warning: missing </ul> before </div>
Flavor: r-devel-linux-x86_64-debian-clang
These binaries (installable software) and packages are in development.
They may not be fully stable and should be used with caution. We make no claims about them.