CRAN Package Check Results for Package DPQ

Last updated on 2025-07-02 03:50:39 CEST.

Flavor Version Tinstall Tcheck Ttotal Status Flags
r-devel-linux-x86_64-debian-clang 0.5-9 19.55 401.64 421.19 NOTE
r-devel-linux-x86_64-debian-gcc 0.5-9 12.06 283.67 295.73 NOTE
r-devel-linux-x86_64-fedora-clang 0.5-9 654.77 NOTE
r-devel-linux-x86_64-fedora-gcc 0.5-9 658.49 NOTE
r-devel-windows-x86_64 0.5-9 24.00 513.00 537.00 NOTE
r-patched-linux-x86_64 NOTE
r-release-linux-x86_64 0.5-9 17.41 384.82 402.23 NOTE
r-release-macos-arm64 0.5-9 244.00 NOTE
r-release-macos-x86_64 0.5-9 437.00 NOTE
r-release-windows-x86_64 0.5-9 25.00 512.00 537.00 NOTE
r-oldrel-macos-arm64 0.5-9 242.00 OK
r-oldrel-macos-x86_64 0.5-9 805.00 OK
r-oldrel-windows-x86_64 0.5-9 30.00 601.00 631.00 OK

Check Details

Version: 0.5-9
Check: DESCRIPTION meta-information
Result: NOTE Missing dependency on R >= 4.1.0 because package code uses the pipe |> or function shorthand \(...) syntax added in R 4.1.0. File(s) using such syntax: ‘expm1x.Rd’ ‘pnt.Rd’ ‘pt_Witkovsky_Tab1.Rd’ Flavors: r-devel-linux-x86_64-debian-clang, r-devel-linux-x86_64-debian-gcc, r-devel-linux-x86_64-fedora-clang, r-devel-linux-x86_64-fedora-gcc, r-devel-windows-x86_64, r-patched-linux-x86_64, r-release-linux-x86_64, r-release-macos-arm64, r-release-macos-x86_64, r-release-windows-x86_64

These binaries (installable software) and packages are in development.
They may not be fully stable and should be used with caution. We make no claims about them.