Last updated on 2025-10-23 21:51:25 CEST.
Flavor | Version | Tinstall | Tcheck | Ttotal | Status | Flags |
---|---|---|---|---|---|---|
r-devel-linux-x86_64-debian-clang | 0.3-3 | 6.01 | 157.23 | 163.24 | NOTE | |
r-devel-linux-x86_64-debian-gcc | 0.3-3 | 3.81 | 91.23 | 95.04 | OK | |
r-devel-linux-x86_64-fedora-clang | 0.3-3 | 13.00 | 227.79 | 240.79 | OK | |
r-devel-linux-x86_64-fedora-gcc | 0.3-3 | 13.00 | 220.79 | 233.79 | OK | |
r-devel-windows-x86_64 | 0.3-3 | 6.00 | 130.00 | 136.00 | OK | |
r-patched-linux-x86_64 | 0.3-3 | 5.91 | 149.00 | 154.91 | OK | |
r-release-linux-x86_64 | 0.3-3 | 4.98 | 150.50 | 155.48 | OK | |
r-release-macos-arm64 | 0.3-3 | 3.00 | 53.00 | 56.00 | OK | |
r-release-macos-x86_64 | 0.3-3 | 5.00 | 146.00 | 151.00 | OK | |
r-release-windows-x86_64 | 0.3-3 | 7.00 | 135.00 | 142.00 | OK | |
r-oldrel-macos-arm64 | 0.3-3 | 3.00 | 56.00 | 59.00 | OK | |
r-oldrel-macos-x86_64 | 0.3-3 | 6.00 | 184.00 | 190.00 | OK | |
r-oldrel-windows-x86_64 | 0.3-3 | 9.00 | 187.00 | 196.00 | OK |
Version: 0.3-3
Check: top-level files
Result: NOTE
Found the following validation problem for the NEWS.Rd HTML conversion:
NEWS.html:182:1 (inst/NEWS.Rd:100): Warning: missing </ul> before </div>
NEWS.html:84:1 (inst/NEWS.Rd:44): Warning: <h4> anchor "NEW-FEATURES" already defined
NEWS.html:103:1 (inst/NEWS.Rd:55): Warning: <h4> anchor "Misc" already defined
NEWS.html:118:1 (inst/NEWS.Rd:63): Warning: <h4> anchor "NEW-FEATURES" already defined
NEWS.html:135:1 (inst/NEWS.Rd:73): Warning: <h4> anchor "NEW-FEATURES" already defined
Flavor: r-devel-linux-x86_64-debian-clang
These binaries (installable software) and packages are in development.
They may not be fully stable and should be used with caution. We make no claims about them.