Last updated on 2024-07-27 15:50:15 CEST.
Flavor | Version | Tinstall | Tcheck | Ttotal | Status | Flags |
---|---|---|---|---|---|---|
r-devel-linux-x86_64-debian-clang | 1.3.8 | 37.78 | 109.51 | 147.29 | OK | |
r-devel-linux-x86_64-debian-gcc | 1.3.8 | OK | ||||
r-devel-linux-x86_64-fedora-clang | 1.3.8 | 202.59 | OK | |||
r-devel-linux-x86_64-fedora-gcc | 1.3.8 | 191.36 | OK | |||
r-devel-windows-x86_64 | 1.3.8 | 37.00 | 106.00 | 143.00 | OK | |
r-patched-linux-x86_64 | 1.3.8 | OK | ||||
r-release-linux-x86_64 | 1.3.8 | 26.06 | 108.88 | 134.94 | OK | |
r-release-macos-arm64 | 1.3.8 | 49.00 | NOTE | |||
r-release-macos-x86_64 | 1.3.8 | 72.00 | NOTE | |||
r-release-windows-x86_64 | 1.3.8 | 39.00 | 110.00 | 149.00 | OK | |
r-oldrel-macos-arm64 | 1.3.8 | 61.00 | NOTE | |||
r-oldrel-macos-x86_64 | 1.3.8 | 163.00 | NOTE | |||
r-oldrel-windows-x86_64 | 1.3.8 | 42.00 | 137.00 | 179.00 | OK |
Version: 1.3.8
Check: installed package size
Result: NOTE
installed size is 7.4Mb
sub-directories of 1Mb or more:
libs 7.2Mb
Flavors: r-release-macos-arm64, r-release-macos-x86_64, r-oldrel-macos-arm64, r-oldrel-macos-x86_64
These binaries (installable software) and packages are in development.
They may not be fully stable and should be used with caution. We make no claims about them.