CRAN Package Check Results for Package DPtree

Last updated on 2025-11-13 21:49:55 CET.

Flavor Version Tinstall Tcheck Ttotal Status Flags
r-devel-linux-x86_64-debian-clang 1.0.1 1.51 26.31 27.82 OK
r-devel-linux-x86_64-debian-gcc 1.0.1 1.55 21.01 22.56 OK
r-devel-linux-x86_64-fedora-clang 1.0.1 43.33 NOTE
r-devel-linux-x86_64-fedora-gcc 1.0.1 40.07 NOTE
r-devel-windows-x86_64 1.0.1 4.00 46.00 50.00 OK
r-patched-linux-x86_64 1.0.1 2.19 25.16 27.35 OK
r-release-linux-x86_64 1.0.1 1.89 24.80 26.69 OK
r-release-macos-arm64 1.0.1 1.00 20.00 21.00 OK
r-release-macos-x86_64 1.0.1 2.00 28.00 30.00 OK
r-release-windows-x86_64 1.0.1 3.00 45.00 48.00 OK
r-oldrel-macos-arm64 1.0.1 1.00 17.00 18.00 NOTE
r-oldrel-macos-x86_64 1.0.1 2.00 22.00 24.00 NOTE
r-oldrel-windows-x86_64 1.0.1 4.00 52.00 56.00 NOTE

Check Details

Version: 1.0.1
Check: dependencies in R code
Result: NOTE Namespace in Imports field not imported from: ‘MASS’ All declared Imports should be used. Flavors: r-devel-linux-x86_64-fedora-clang, r-devel-linux-x86_64-fedora-gcc

Version: 1.0.1
Check: LazyData
Result: NOTE 'LazyData' is specified without a 'data' directory Flavors: r-oldrel-macos-arm64, r-oldrel-macos-x86_64, r-oldrel-windows-x86_64

These binaries (installable software) and packages are in development.
They may not be fully stable and should be used with caution. We make no claims about them.