CRAN Package Check Results for Package DPtree

Last updated on 2025-02-16 10:50:44 CET.

Flavor Version Tinstall Tcheck Ttotal Status Flags
r-devel-linux-x86_64-debian-clang 1.0.1 2.06 24.09 26.15 OK
r-devel-linux-x86_64-debian-gcc 1.0.1 1.52 20.03 21.55 OK
r-devel-linux-x86_64-fedora-clang 1.0.1 43.21 NOTE
r-devel-linux-x86_64-fedora-gcc 1.0.1 39.91 NOTE
r-devel-macos-arm64 1.0.1 19.00 OK
r-devel-macos-x86_64 1.0.1 30.00 OK
r-devel-windows-x86_64 1.0.1 4.00 47.00 51.00 OK
r-patched-linux-x86_64 1.0.1 2.18 23.03 25.21 NOTE
r-release-linux-x86_64 1.0.1 1.95 23.21 25.16 NOTE
r-release-macos-arm64 1.0.1 18.00 NOTE
r-release-macos-x86_64 1.0.1 24.00 NOTE
r-release-windows-x86_64 1.0.1 4.00 48.00 52.00 NOTE
r-oldrel-macos-arm64 1.0.1 20.00 NOTE
r-oldrel-macos-x86_64 1.0.1 24.00 NOTE
r-oldrel-windows-x86_64 1.0.1 4.00 54.00 58.00 NOTE

Check Details

Version: 1.0.1
Check: dependencies in R code
Result: NOTE Namespace in Imports field not imported from: ‘MASS’ All declared Imports should be used. Flavors: r-devel-linux-x86_64-fedora-clang, r-devel-linux-x86_64-fedora-gcc

Version: 1.0.1
Check: LazyData
Result: NOTE 'LazyData' is specified without a 'data' directory Flavors: r-patched-linux-x86_64, r-release-linux-x86_64, r-release-macos-arm64, r-release-macos-x86_64, r-release-windows-x86_64, r-oldrel-macos-arm64, r-oldrel-macos-x86_64, r-oldrel-windows-x86_64

These binaries (installable software) and packages are in development.
They may not be fully stable and should be used with caution. We make no claims about them.