CRAN Package Check Results for Package DRAYL

Last updated on 2025-02-16 10:50:44 CET.

Flavor Version Tinstall Tcheck Ttotal Status Flags
r-devel-linux-x86_64-debian-clang 1.0 2.65 31.23 33.88 OK
r-devel-linux-x86_64-debian-gcc 1.0 1.84 23.54 25.38 OK
r-devel-linux-x86_64-fedora-clang 1.0 54.27 OK
r-devel-linux-x86_64-fedora-gcc 1.0 51.08 OK
r-devel-macos-arm64 1.0 19.00 OK
r-devel-macos-x86_64 1.0 33.00 OK
r-devel-windows-x86_64 1.0 3.00 51.00 54.00 OK
r-patched-linux-x86_64 1.0 2.42 28.99 31.41 NOTE
r-release-linux-x86_64 1.0 2.18 29.75 31.93 NOTE
r-release-macos-arm64 1.0 19.00 NOTE
r-release-macos-x86_64 1.0 29.00 NOTE
r-release-windows-x86_64 1.0 3.00 51.00 54.00 NOTE
r-oldrel-macos-arm64 1.0 21.00 NOTE
r-oldrel-macos-x86_64 1.0 29.00 NOTE
r-oldrel-windows-x86_64 1.0 5.00 74.00 79.00 NOTE

Check Details

Version: 1.0
Check: LazyData
Result: NOTE 'LazyData' is specified without a 'data' directory Flavors: r-patched-linux-x86_64, r-release-linux-x86_64, r-release-macos-arm64, r-release-macos-x86_64, r-release-windows-x86_64, r-oldrel-macos-arm64, r-oldrel-macos-x86_64, r-oldrel-windows-x86_64

These binaries (installable software) and packages are in development.
They may not be fully stable and should be used with caution. We make no claims about them.