CRAN Package Check Results for Package DRR

Last updated on 2025-05-08 04:52:03 CEST.

Flavor Version Tinstall Tcheck Ttotal Status Flags
r-devel-linux-x86_64-debian-clang 0.0.4 7.82 206.96 214.78 OK
r-devel-linux-x86_64-debian-gcc 0.0.4 5.33 133.22 138.55 OK
r-devel-linux-x86_64-fedora-clang 0.0.4 324.66 OK
r-devel-linux-x86_64-fedora-gcc 0.0.4 321.08 OK
r-devel-windows-x86_64 0.0.4 9.00 172.00 181.00 OK
r-patched-linux-x86_64 0.0.4 7.86 193.26 201.12 OK
r-release-linux-x86_64 0.0.4 7.15 193.60 200.75 OK
r-release-macos-arm64 0.0.4 100.00 OK
r-release-macos-x86_64 0.0.4 232.00 OK
r-release-windows-x86_64 0.0.4 9.00 176.00 185.00 OK
r-oldrel-macos-arm64 0.0.4 84.00 NOTE
r-oldrel-macos-x86_64 0.0.4 138.00 NOTE
r-oldrel-windows-x86_64 0.0.4 11.00 249.00 260.00 NOTE

Check Details

Version: 0.0.4
Check: LazyData
Result: NOTE 'LazyData' is specified without a 'data' directory Flavors: r-oldrel-macos-arm64, r-oldrel-macos-x86_64, r-oldrel-windows-x86_64

These binaries (installable software) and packages are in development.
They may not be fully stable and should be used with caution. We make no claims about them.