Last updated on 2025-07-25 19:49:41 CEST.
Flavor | Version | Tinstall | Tcheck | Ttotal | Status | Flags |
---|---|---|---|---|---|---|
r-devel-linux-x86_64-debian-clang | 2.6-2 | 39.70 | 539.43 | 579.13 | OK | |
r-devel-linux-x86_64-debian-gcc | 2.6-2 | 27.73 | 362.39 | 390.12 | OK | |
r-devel-linux-x86_64-fedora-clang | 2.6-2 | 922.03 | OK | |||
r-devel-linux-x86_64-fedora-gcc | 2.6-2 | 912.30 | OK | |||
r-devel-windows-x86_64 | 2.6-2 | 42.00 | 452.00 | 494.00 | OK | |
r-patched-linux-x86_64 | 2.6-2 | 38.06 | 514.86 | 552.92 | OK | |
r-release-linux-x86_64 | 2.6-2 | 37.70 | 514.01 | 551.71 | OK | |
r-release-macos-arm64 | 2.6-2 | 220.00 | OK | |||
r-release-macos-x86_64 | 2.6-2 | 474.00 | OK | |||
r-release-windows-x86_64 | 2.6-2 | 41.00 | 452.00 | 493.00 | OK | |
r-oldrel-macos-arm64 | 2.6-2 | 205.00 | NOTE | |||
r-oldrel-macos-x86_64 | 2.6-2 | 332.00 | NOTE | |||
r-oldrel-windows-x86_64 | 2.6-2 | 52.00 | 630.00 | 682.00 | NOTE |
Version: 2.6-2
Check: installed package size
Result: NOTE
installed size is 5.7Mb
sub-directories of 1Mb or more:
doc 2.5Mb
Flavors: r-oldrel-macos-arm64, r-oldrel-macos-x86_64, r-oldrel-windows-x86_64
These binaries (installable software) and packages are in development.
They may not be fully stable and should be used with caution. We make no claims about them.