Last updated on 2025-02-19 18:51:01 CET.
Flavor | Version | Tinstall | Tcheck | Ttotal | Status | Flags |
---|---|---|---|---|---|---|
r-devel-linux-x86_64-debian-clang | 2.6-2 | 41.80 | 534.35 | 576.15 | OK | |
r-devel-linux-x86_64-debian-gcc | 2.6-2 | 25.82 | 355.18 | 381.00 | OK | |
r-devel-linux-x86_64-fedora-clang | 2.6-2 | 910.03 | OK | |||
r-devel-linux-x86_64-fedora-gcc | 2.6-2 | 921.74 | OK | |||
r-devel-macos-arm64 | 2.6-2 | 220.00 | OK | |||
r-devel-macos-x86_64 | 2.6-2 | 474.00 | OK | |||
r-devel-windows-x86_64 | 2.6-2 | 37.00 | 435.00 | 472.00 | OK | |
r-patched-linux-x86_64 | 2.6-2 | 34.72 | 486.90 | 521.62 | OK | |
r-release-linux-x86_64 | 2.6-2 | 33.88 | 489.57 | 523.45 | OK | |
r-release-macos-arm64 | 2.6-2 | 205.00 | NOTE | |||
r-release-macos-x86_64 | 2.6-2 | 332.00 | NOTE | |||
r-release-windows-x86_64 | 2.6-2 | 39.00 | 446.00 | 485.00 | NOTE | |
r-oldrel-macos-arm64 | 2.6-2 | 197.00 | NOTE | |||
r-oldrel-macos-x86_64 | 2.6-2 | 341.00 | NOTE | |||
r-oldrel-windows-x86_64 | 2.6-2 | 53.00 | 562.00 | 615.00 | NOTE |
Version: 2.6-2
Check: installed package size
Result: NOTE
installed size is 5.7Mb
sub-directories of 1Mb or more:
doc 2.5Mb
Flavors: r-release-macos-arm64, r-release-macos-x86_64, r-release-windows-x86_64, r-oldrel-macos-arm64, r-oldrel-macos-x86_64, r-oldrel-windows-x86_64
These binaries (installable software) and packages are in development.
They may not be fully stable and should be used with caution. We make no claims about them.