Last updated on 2025-02-16 10:50:44 CET.
Flavor | Version | Tinstall | Tcheck | Ttotal | Status | Flags |
---|---|---|---|---|---|---|
r-devel-linux-x86_64-debian-clang | 1.4.0 | 13.65 | 111.79 | 125.44 | NOTE | |
r-devel-linux-x86_64-debian-gcc | 1.4.0 | 9.33 | 74.17 | 83.50 | NOTE | |
r-devel-linux-x86_64-fedora-clang | 1.4.0 | 200.63 | OK | |||
r-devel-linux-x86_64-fedora-gcc | 1.4.0 | 244.01 | OK | |||
r-devel-macos-arm64 | 1.4.0 | 77.00 | OK | |||
r-devel-macos-x86_64 | 1.4.0 | 177.00 | OK | |||
r-devel-windows-x86_64 | 1.4.0 | 16.00 | 142.00 | 158.00 | NOTE | |
r-patched-linux-x86_64 | 1.4.0 | 17.36 | 102.18 | 119.54 | OK | |
r-release-linux-x86_64 | 1.4.0 | 11.86 | 101.48 | 113.34 | OK | |
r-release-macos-arm64 | 1.4.0 | 75.00 | OK | |||
r-release-macos-x86_64 | 1.4.0 | 146.00 | OK | |||
r-release-windows-x86_64 | 1.4.0 | 14.00 | 130.00 | 144.00 | OK | |
r-oldrel-macos-arm64 | 1.4.0 | 80.00 | OK | |||
r-oldrel-macos-x86_64 | 1.4.0 | 130.00 | OK | |||
r-oldrel-windows-x86_64 | 1.4.0 | 19.00 | 172.00 | 191.00 | OK |
Version: 1.4.0
Check: Rd cross-references
Result: NOTE
Found the following Rd file(s) with Rd \link{} targets missing package
anchors:
DSLiteConnection-class.Rd: DSConnection-class
DSLiteDriver-class.Rd: DSDriver-class
DSLiteResult-class.Rd: DSResult-class
getDSLiteData.Rd: DSConnection-class
setupCNSIMTest.Rd: datashield.login
setupDASIMTest.Rd: datashield.login
setupDATASETTest.Rd: datashield.login
setupDISCORDANTTest.Rd: datashield.login
setupDSLiteServer.Rd: datashield.login
setupSURVIVALTest.Rd: datashield.login
Please provide package anchors for all Rd \link{} targets not in the
package itself and the base packages.
Flavors: r-devel-linux-x86_64-debian-clang, r-devel-linux-x86_64-debian-gcc, r-devel-windows-x86_64
These binaries (installable software) and packages are in development.
They may not be fully stable and should be used with caution. We make no claims about them.