Last updated on 2025-02-19 18:51:02 CET.
Flavor | Version | Tinstall | Tcheck | Ttotal | Status | Flags |
---|---|---|---|---|---|---|
r-devel-linux-x86_64-debian-clang | 2.0.9 | 5.92 | 55.81 | 61.73 | OK | |
r-devel-linux-x86_64-debian-gcc | 2.0.9 | 3.39 | 40.88 | 44.27 | OK | |
r-devel-linux-x86_64-fedora-clang | 2.0.9 | 99.76 | OK | |||
r-devel-linux-x86_64-fedora-gcc | 2.0.9 | 153.86 | OK | |||
r-devel-macos-arm64 | 2.0.9 | 82.00 | OK | |||
r-devel-macos-x86_64 | 2.0.9 | 114.00 | OK | |||
r-devel-windows-x86_64 | 2.0.9 | 8.00 | 74.00 | 82.00 | OK | |
r-patched-linux-x86_64 | 2.0.9 | 6.03 | 52.03 | 58.06 | NOTE | |
r-release-linux-x86_64 | 2.0.9 | 5.45 | 51.39 | 56.84 | NOTE | |
r-release-macos-arm64 | 2.0.9 | 62.00 | NOTE | |||
r-release-macos-x86_64 | 2.0.9 | 129.00 | NOTE | |||
r-release-windows-x86_64 | 2.0.9 | 8.00 | 73.00 | 81.00 | NOTE | |
r-oldrel-macos-arm64 | 2.0.9 | 72.00 | NOTE | |||
r-oldrel-macos-x86_64 | 2.0.9 | 108.00 | NOTE | |||
r-oldrel-windows-x86_64 | 2.0.9 | 9.00 | 96.00 | 105.00 | NOTE |
Version: 2.0.9
Check: package dependencies
Result: NOTE
Package suggested but not available for checking: ‘dsBaseClient’
Flavors: r-patched-linux-x86_64, r-release-linux-x86_64, r-release-macos-arm64, r-release-macos-x86_64, r-release-windows-x86_64, r-oldrel-macos-arm64, r-oldrel-macos-x86_64, r-oldrel-windows-x86_64
These binaries (installable software) and packages are in development.
They may not be fully stable and should be used with caution. We make no claims about them.