CRAN Package Check Results for Package DSMolgenisArmadillo

Last updated on 2025-05-08 04:52:03 CEST.

Flavor Version Tinstall Tcheck Ttotal Status Flags
r-devel-linux-x86_64-debian-clang 2.0.9 6.77 57.52 64.29 OK
r-devel-linux-x86_64-debian-gcc 2.0.9 4.41 42.50 46.91 OK
r-devel-linux-x86_64-fedora-clang 2.0.9 101.14 OK
r-devel-linux-x86_64-fedora-gcc 2.0.9 152.96 OK
r-devel-windows-x86_64 2.0.9 8.00 73.00 81.00 OK
r-patched-linux-x86_64 2.0.9 6.71 52.35 59.06 OK
r-release-linux-x86_64 2.0.9 6.12 52.56 58.68 OK
r-release-macos-arm64 2.0.9 90.00 OK
r-release-macos-x86_64 2.0.9 132.00 OK
r-release-windows-x86_64 2.0.9 8.00 74.00 82.00 OK
r-oldrel-macos-arm64 2.0.9 62.00 NOTE
r-oldrel-macos-x86_64 2.0.9 129.00 NOTE
r-oldrel-windows-x86_64 2.0.9 10.00 91.00 101.00 NOTE

Check Details

Version: 2.0.9
Check: package dependencies
Result: NOTE Package suggested but not available for checking: ‘dsBaseClient’ Flavors: r-oldrel-macos-arm64, r-oldrel-macos-x86_64, r-oldrel-windows-x86_64

These binaries (installable software) and packages are in development.
They may not be fully stable and should be used with caution. We make no claims about them.