Last updated on 2025-05-21 21:49:15 CEST.
Flavor | Version | Tinstall | Tcheck | Ttotal | Status | Flags |
---|---|---|---|---|---|---|
r-devel-linux-x86_64-debian-clang | 1.8.2 | 66.88 | 124.88 | 191.76 | OK | |
r-devel-linux-x86_64-debian-gcc | 1.8.2 | 47.14 | 88.45 | 135.59 | OK | |
r-devel-linux-x86_64-fedora-clang | 1.8.2 | 346.83 | OK | |||
r-devel-linux-x86_64-fedora-gcc | 1.8.2 | 327.94 | OK | |||
r-devel-windows-x86_64 | 1.8.2 | 74.00 | 139.00 | 213.00 | OK | |
r-patched-linux-x86_64 | 1.8.2 | 66.88 | 112.90 | 179.78 | OK | |
r-release-linux-x86_64 | 1.8.2 | 66.08 | 115.46 | 181.54 | OK | |
r-release-macos-arm64 | 1.8.2 | 76.00 | OK | |||
r-release-macos-x86_64 | 1.8.2 | 134.00 | OK | |||
r-release-windows-x86_64 | 1.8.2 | 77.00 | 138.00 | 215.00 | OK | |
r-oldrel-macos-arm64 | 1.8.2 | 77.00 | NOTE | |||
r-oldrel-macos-x86_64 | 1.8.2 | 105.00 | NOTE | |||
r-oldrel-windows-x86_64 | 1.8.2 | 90.00 | 183.00 | 273.00 | OK |
Version: 1.8.2
Check: installed package size
Result: NOTE
installed size is 8.2Mb
sub-directories of 1Mb or more:
data 2.8Mb
libs 5.1Mb
Flavors: r-oldrel-macos-arm64, r-oldrel-macos-x86_64
These binaries (installable software) and packages are in development.
They may not be fully stable and should be used with caution. We make no claims about them.