Last updated on 2025-10-03 01:49:43 CEST.
Flavor | Version | Tinstall | Tcheck | Ttotal | Status | Flags |
---|---|---|---|---|---|---|
r-devel-linux-x86_64-debian-clang | 1.8.3 | 69.14 | 135.59 | 204.73 | OK | |
r-devel-linux-x86_64-debian-gcc | 1.8.3 | 46.52 | 91.70 | 138.22 | OK | |
r-devel-linux-x86_64-fedora-clang | 1.8.3 | 350.58 | OK | |||
r-devel-linux-x86_64-fedora-gcc | 1.8.3 | 335.27 | OK | |||
r-devel-windows-x86_64 | 1.8.3 | 74.00 | 163.00 | 237.00 | OK | |
r-patched-linux-x86_64 | 1.8.3 | 70.98 | 123.06 | 194.04 | OK | |
r-release-linux-x86_64 | 1.8.3 | 68.49 | 123.41 | 191.90 | OK | |
r-release-macos-arm64 | 1.8.3 | 86.00 | OK | |||
r-release-macos-x86_64 | 1.8.3 | 195.00 | OK | |||
r-release-windows-x86_64 | 1.8.3 | 74.00 | 146.00 | 220.00 | OK | |
r-oldrel-macos-arm64 | 1.8.3 | 82.00 | NOTE | |||
r-oldrel-macos-x86_64 | 1.8.3 | 178.00 | NOTE | |||
r-oldrel-windows-x86_64 | 1.8.3 | 92.00 | 189.00 | 281.00 | OK |
Version: 1.8.3
Check: installed package size
Result: NOTE
installed size is 8.4Mb
sub-directories of 1Mb or more:
data 2.8Mb
libs 5.2Mb
Flavors: r-oldrel-macos-arm64, r-oldrel-macos-x86_64
These binaries (installable software) and packages are in development.
They may not be fully stable and should be used with caution. We make no claims about them.