CRAN Package Check Results for Package DTAT

Last updated on 2025-07-05 03:48:36 CEST.

Flavor Version Tinstall Tcheck Ttotal Status Flags
r-devel-linux-x86_64-debian-clang 0.3-7 15.79 150.80 166.59 NOTE
r-devel-linux-x86_64-debian-gcc 0.3-7 9.74 106.61 116.35 NOTE
r-devel-linux-x86_64-fedora-clang 0.3-7 255.67 OK
r-devel-linux-x86_64-fedora-gcc 0.3-7 281.63 OK
r-devel-windows-x86_64 0.3-7 17.00 195.00 212.00 NOTE
r-patched-linux-x86_64 0.3-7 14.42 141.28 155.70 NOTE
r-release-linux-x86_64 0.3-7 13.39 141.39 154.78 NOTE
r-release-macos-arm64 0.3-7 88.00 OK
r-release-macos-x86_64 0.3-7 145.00 OK
r-release-windows-x86_64 0.3-7 15.00 194.00 209.00 NOTE
r-oldrel-macos-arm64 0.3-7 80.00 OK
r-oldrel-macos-x86_64 0.3-7 119.00 OK
r-oldrel-windows-x86_64 0.3-7 21.00 221.00 242.00 OK

Check Details

Version: 0.3-7
Check: Rd cross-references
Result: NOTE Found the following Rd file(s) with Rd \link{} targets missing package anchors: Onoue.Friberg.Rd: pomp Please provide package anchors for all Rd \link{} targets not in the package itself and the base packages. Flavors: r-devel-linux-x86_64-debian-clang, r-devel-linux-x86_64-debian-gcc, r-devel-windows-x86_64, r-patched-linux-x86_64, r-release-linux-x86_64, r-release-windows-x86_64

These binaries (installable software) and packages are in development.
They may not be fully stable and should be used with caution. We make no claims about them.