Last updated on 2025-02-16 12:53:33 CET.
Flavor | Version | Tinstall | Tcheck | Ttotal | Status | Flags |
---|---|---|---|---|---|---|
r-devel-linux-x86_64-debian-clang | 1.0.2 | 11.00 | 31.76 | 42.76 | NOTE | |
r-devel-linux-x86_64-debian-gcc | 1.0.2 | 7.96 | 23.85 | 31.81 | NOTE | |
r-devel-linux-x86_64-fedora-clang | 1.0.2 | 75.16 | NOTE | |||
r-devel-linux-x86_64-fedora-gcc | 1.0.2 | 68.91 | NOTE | |||
r-devel-macos-arm64 | 1.0.2 | 24.00 | NOTE | |||
r-devel-macos-x86_64 | 1.0.2 | 38.00 | NOTE | |||
r-devel-windows-x86_64 | 1.0.2 | 15.00 | 64.00 | 79.00 | NOTE | |
r-patched-linux-x86_64 | 1.0.2 | 11.90 | 29.76 | 41.66 | NOTE | |
r-release-linux-x86_64 | 1.0.2 | 12.43 | 30.34 | 42.77 | NOTE | |
r-release-macos-arm64 | 1.0.2 | 25.00 | NOTE | |||
r-release-macos-x86_64 | 1.0.2 | 39.00 | NOTE | |||
r-release-windows-x86_64 | 1.0.2 | 15.00 | 66.00 | 81.00 | NOTE | |
r-oldrel-macos-arm64 | 1.0.2 | 29.00 | NOTE | |||
r-oldrel-macos-x86_64 | 1.0.2 | 41.00 | NOTE | |||
r-oldrel-windows-x86_64 | 1.0.2 | 19.00 | 74.00 | 93.00 | NOTE |
Version: 1.0.2
Check: Rd files
Result: NOTE
checkRd: (-1) DTDAcif.Rd:32: Lost braces in \itemize; \value handles \item{}{} directly
checkRd: (-1) DTDAcif.Rd:33: Lost braces in \itemize; \value handles \item{}{} directly
checkRd: (-1) DTDAcif.Rd:34: Lost braces in \itemize; \value handles \item{}{} directly
checkRd: (-1) DTDAcif.Rd:35: Lost braces in \itemize; \value handles \item{}{} directly
checkRd: (-1) DTDAcif.Rd:36: Lost braces in \itemize; \value handles \item{}{} directly
Flavors: r-devel-linux-x86_64-debian-clang, r-devel-linux-x86_64-debian-gcc, r-devel-linux-x86_64-fedora-clang, r-devel-linux-x86_64-fedora-gcc, r-devel-macos-arm64, r-devel-macos-x86_64, r-devel-windows-x86_64, r-patched-linux-x86_64, r-release-linux-x86_64, r-release-macos-arm64, r-release-macos-x86_64, r-release-windows-x86_64
Version: 1.0.2
Check: LazyData
Result: NOTE
'LazyData' is specified without a 'data' directory
Flavors: r-patched-linux-x86_64, r-release-linux-x86_64, r-release-macos-arm64, r-release-macos-x86_64, r-release-windows-x86_64, r-oldrel-macos-arm64, r-oldrel-macos-x86_64, r-oldrel-windows-x86_64
These binaries (installable software) and packages are in development.
They may not be fully stable and should be used with caution. We make no claims about them.