CRAN Package Check Results for Package DTRKernSmooth

Last updated on 2025-11-16 05:48:34 CET.

Flavor Version Tinstall Tcheck Ttotal Status Flags
r-devel-linux-x86_64-debian-clang 1.1.0 23.79 38.63 62.42 OK
r-devel-linux-x86_64-debian-gcc 1.1.0 18.64 30.37 49.01 OK
r-devel-linux-x86_64-fedora-clang 1.1.0 60.00 44.60 104.60 OK
r-devel-linux-x86_64-fedora-gcc 1.1.0 64.00 45.28 109.28 OK
r-devel-windows-x86_64 1.1.0 28.00 74.00 102.00 OK
r-patched-linux-x86_64 1.1.0 25.19 39.06 64.25 OK
r-release-linux-x86_64 1.1.0 25.61 38.75 64.36 OK
r-release-macos-arm64 1.1.0 12.00 28.00 40.00 OK
r-release-macos-x86_64 1.1.0 20.00 44.00 64.00 OK
r-release-windows-x86_64 1.1.0 26.00 69.00 95.00 OK
r-oldrel-macos-arm64 1.1.0 11.00 26.00 37.00 NOTE
r-oldrel-macos-x86_64 1.1.0 15.00 35.00 50.00 NOTE
r-oldrel-windows-x86_64 1.1.0 32.00 91.00 123.00 OK

Check Details

Version: 1.1.0
Check: installed package size
Result: NOTE installed size is 13.2Mb sub-directories of 1Mb or more: libs 13.1Mb Flavors: r-oldrel-macos-arm64, r-oldrel-macos-x86_64

These binaries (installable software) and packages are in development.
They may not be fully stable and should be used with caution. We make no claims about them.