Last updated on 2025-07-02 01:51:35 CEST.
Flavor | Version | Tinstall | Tcheck | Ttotal | Status | Flags |
---|---|---|---|---|---|---|
r-devel-linux-x86_64-debian-clang | 1.1.0 | 23.71 | 37.13 | 60.84 | OK | |
r-devel-linux-x86_64-debian-gcc | 1.1.0 | 18.78 | 29.31 | 48.09 | OK | |
r-devel-linux-x86_64-fedora-clang | 1.1.0 | 101.80 | OK | |||
r-devel-linux-x86_64-fedora-gcc | 1.1.0 | 108.18 | OK | |||
r-devel-windows-x86_64 | 1.1.0 | 28.00 | 68.00 | 96.00 | OK | |
r-patched-linux-x86_64 | OK | |||||
r-release-linux-x86_64 | 1.1.0 | 24.12 | 37.92 | 62.04 | OK | |
r-release-macos-arm64 | 1.1.0 | 40.00 | OK | |||
r-release-macos-x86_64 | 1.1.0 | 64.00 | OK | |||
r-release-windows-x86_64 | 1.1.0 | 27.00 | 75.00 | 102.00 | OK | |
r-oldrel-macos-arm64 | 1.1.0 | 37.00 | NOTE | |||
r-oldrel-macos-x86_64 | 1.1.0 | 50.00 | NOTE | |||
r-oldrel-windows-x86_64 | 1.1.0 | 28.00 | 91.00 | 119.00 | OK |
Version: 1.1.0
Check: installed package size
Result: NOTE
installed size is 13.2Mb
sub-directories of 1Mb or more:
libs 13.1Mb
Flavors: r-oldrel-macos-arm64, r-oldrel-macos-x86_64
These binaries (installable software) and packages are in development.
They may not be fully stable and should be used with caution. We make no claims about them.