Last updated on 2025-05-08 04:52:03 CEST.
Flavor | Version | Tinstall | Tcheck | Ttotal | Status | Flags |
---|---|---|---|---|---|---|
r-devel-linux-x86_64-debian-clang | 1.1.0 | 24.73 | 36.78 | 61.51 | OK | |
r-devel-linux-x86_64-debian-gcc | 1.1.0 | 18.84 | 28.58 | 47.42 | OK | |
r-devel-linux-x86_64-fedora-clang | 1.1.0 | 104.57 | OK | |||
r-devel-linux-x86_64-fedora-gcc | 1.1.0 | 113.72 | OK | |||
r-devel-windows-x86_64 | 1.1.0 | 27.00 | 71.00 | 98.00 | OK | |
r-patched-linux-x86_64 | 1.1.0 | 26.69 | 37.52 | 64.21 | OK | |
r-release-linux-x86_64 | 1.1.0 | 24.13 | 37.46 | 61.59 | OK | |
r-release-macos-arm64 | 1.1.0 | 40.00 | OK | |||
r-release-macos-x86_64 | 1.1.0 | 64.00 | OK | |||
r-release-windows-x86_64 | 1.1.0 | 27.00 | 78.00 | 105.00 | OK | |
r-oldrel-macos-arm64 | 1.1.0 | 37.00 | NOTE | |||
r-oldrel-macos-x86_64 | 1.1.0 | 50.00 | NOTE | |||
r-oldrel-windows-x86_64 | 1.1.0 | 31.00 | 87.00 | 118.00 | OK |
Version: 1.1.0
Check: installed package size
Result: NOTE
installed size is 13.2Mb
sub-directories of 1Mb or more:
libs 13.1Mb
Flavors: r-oldrel-macos-arm64, r-oldrel-macos-x86_64
These binaries (installable software) and packages are in development.
They may not be fully stable and should be used with caution. We make no claims about them.