CRAN Package Check Results for Package DTRlearn2

Last updated on 2025-11-11 15:50:32 CET.

Flavor Version Tinstall Tcheck Ttotal Status Flags
r-devel-linux-x86_64-debian-clang 1.1 9.59 84.90 94.49 NOTE
r-devel-linux-x86_64-debian-gcc 1.1 7.73 61.93 69.66 NOTE
r-devel-linux-x86_64-fedora-clang 1.1 24.00 120.98 144.98 OK
r-devel-linux-x86_64-fedora-gcc 1.1 22.00 115.48 137.48 OK
r-devel-windows-x86_64 1.1 12.00 86.00 98.00 OK
r-patched-linux-x86_64 1.1 9.53 81.91 91.44 OK
r-release-linux-x86_64 1.1 9.08 82.25 91.33 OK
r-release-macos-arm64 1.1 5.00 43.00 48.00 OK
r-release-macos-x86_64 1.1 10.00 76.00 86.00 OK
r-release-windows-x86_64 1.1 11.00 86.00 97.00 OK
r-oldrel-macos-arm64 1.1 4.00 37.00 41.00 OK
r-oldrel-macos-x86_64 1.1 7.00 56.00 63.00 OK
r-oldrel-windows-x86_64 1.1 14.00 109.00 123.00 OK

Check Details

Version: 1.1
Check: CRAN incoming feasibility
Result: NOTE Maintainer: ‘Yuan Chen <irene.yuan.chen@gmail.com>’ No Authors@R field in DESCRIPTION. Please add one, modifying Authors@R: c(person(given = "Yuan", family = "Chen", role = c("aut", "cre"), email = "irene.yuan.chen@gmail.com"), person(given = "Ying", family = "Liu", role = "aut"), person(given = "Donglin", family = "Zeng", role = "aut"), person(given = "Yuanjia", family = "Wang", role = "aut")) as necessary. Flavors: r-devel-linux-x86_64-debian-clang, r-devel-linux-x86_64-debian-gcc

These binaries (installable software) and packages are in development.
They may not be fully stable and should be used with caution. We make no claims about them.