CRAN Package Check Results for Package DTWBI

Last updated on 2025-02-16 12:53:33 CET.

Flavor Version Tinstall Tcheck Ttotal Status Flags
r-devel-linux-x86_64-debian-clang 1.1 2.86 26.45 29.31 NOTE
r-devel-linux-x86_64-debian-gcc 1.1 2.16 20.25 22.41 NOTE
r-devel-linux-x86_64-fedora-clang 1.1 47.91 NOTE
r-devel-linux-x86_64-fedora-gcc 1.1 42.49 NOTE
r-devel-macos-arm64 1.1 19.00 NOTE
r-devel-macos-x86_64 1.1 36.00 NOTE
r-devel-windows-x86_64 1.1 4.00 49.00 53.00 NOTE
r-patched-linux-x86_64 1.1 2.75 24.79 27.54 NOTE
r-release-linux-x86_64 1.1 2.61 24.64 27.25 NOTE
r-release-macos-arm64 1.1 18.00 NOTE
r-release-macos-x86_64 1.1 26.00 NOTE
r-release-windows-x86_64 1.1 4.00 57.00 61.00 NOTE
r-oldrel-macos-arm64 1.1 21.00 OK
r-oldrel-macos-x86_64 1.1 28.00 OK
r-oldrel-windows-x86_64 1.1 5.00 52.00 57.00 OK

Check Details

Version: 1.1
Check: Rd files
Result: NOTE checkRd: (-1) DTWBI_univariate.Rd:30: Lost braces in \itemize; \value handles \item{}{} directly checkRd: (-1) DTWBI_univariate.Rd:31: Lost braces in \itemize; \value handles \item{}{} directly checkRd: (-1) DTWBI_univariate.Rd:32: Lost braces in \itemize; \value handles \item{}{} directly checkRd: (-1) DTWBI_univariate.Rd:33: Lost braces in \itemize; \value handles \item{}{} directly checkRd: (-1) DTWBI_univariate.Rd:34: Lost braces in \itemize; \value handles \item{}{} directly checkRd: (-1) DTWBI_univariate.Rd:35: Lost braces in \itemize; \value handles \item{}{} directly checkRd: (-1) DTWBI_univariate.Rd:36: Lost braces in \itemize; \value handles \item{}{} directly checkRd: (-1) DTWBI_univariate.Rd:37: Lost braces in \itemize; \value handles \item{}{} directly checkRd: (-1) dist_afbdtw.Rd:20: Lost braces in \itemize; \value handles \item{}{} directly checkRd: (-1) dist_afbdtw.Rd:21: Lost braces in \itemize; \value handles \item{}{} directly checkRd: (-1) dist_afbdtw.Rd:22: Lost braces in \itemize; \value handles \item{}{} directly checkRd: (-1) dist_afbdtw.Rd:23: Lost braces in \itemize; \value handles \item{}{} directly checkRd: (-1) dist_afbdtw.Rd:24: Lost braces in \itemize; \value handles \item{}{} directly checkRd: (-1) dist_afbdtw.Rd:25: Lost braces in \itemize; \value handles \item{}{} directly checkRd: (-1) dist_afbdtw.Rd:26: Lost braces in \itemize; \value handles \item{}{} directly checkRd: (-1) dist_afbdtw.Rd:27: Lost braces in \itemize; \value handles \item{}{} directly checkRd: (-1) dist_afbdtw.Rd:28: Lost braces in \itemize; \value handles \item{}{} directly checkRd: (-1) gapCreation.Rd:19: Lost braces in \itemize; \value handles \item{}{} directly checkRd: (-1) gapCreation.Rd:20: Lost braces in \itemize; \value handles \item{}{} directly checkRd: (-1) gapCreation.Rd:21: Lost braces in \itemize; \value handles \item{}{} directly checkRd: (-1) gapCreation.Rd:22: Lost braces in \itemize; \value handles \item{}{} directly checkRd: (-1) gapCreation.Rd:23: Lost braces in \itemize; \value handles \item{}{} directly Flavors: r-devel-linux-x86_64-debian-clang, r-devel-linux-x86_64-debian-gcc, r-devel-linux-x86_64-fedora-clang, r-devel-linux-x86_64-fedora-gcc, r-devel-macos-arm64, r-devel-macos-x86_64, r-devel-windows-x86_64, r-patched-linux-x86_64, r-release-linux-x86_64, r-release-macos-arm64, r-release-macos-x86_64, r-release-windows-x86_64

These binaries (installable software) and packages are in development.
They may not be fully stable and should be used with caution. We make no claims about them.