Last updated on 2025-02-16 12:53:33 CET.
Flavor | Version | Tinstall | Tcheck | Ttotal | Status | Flags |
---|---|---|---|---|---|---|
r-devel-linux-x86_64-debian-clang | 1.0 | 2.88 | 32.99 | 35.87 | NOTE | |
r-devel-linux-x86_64-debian-gcc | 1.0 | 2.00 | 23.50 | 25.50 | NOTE | |
r-devel-linux-x86_64-fedora-clang | 1.0 | 57.45 | NOTE | |||
r-devel-linux-x86_64-fedora-gcc | 1.0 | 52.72 | NOTE | |||
r-devel-macos-arm64 | 1.0 | 20.00 | NOTE | |||
r-devel-macos-x86_64 | 1.0 | 35.00 | NOTE | |||
r-devel-windows-x86_64 | 1.0 | 4.00 | 54.00 | 58.00 | NOTE | |
r-patched-linux-x86_64 | 1.0 | 2.56 | 30.45 | 33.01 | NOTE | |
r-release-linux-x86_64 | 1.0 | 1.95 | 30.61 | 32.56 | NOTE | |
r-release-macos-arm64 | 1.0 | 22.00 | NOTE | |||
r-release-macos-x86_64 | 1.0 | 34.00 | NOTE | |||
r-release-windows-x86_64 | 1.0 | 4.00 | 63.00 | 67.00 | NOTE | |
r-oldrel-macos-arm64 | 1.0 | 24.00 | OK | |||
r-oldrel-macos-x86_64 | 1.0 | 31.00 | OK | |||
r-oldrel-windows-x86_64 | 1.0 | 5.00 | 64.00 | 69.00 | OK |
Version: 1.0
Check: Rd files
Result: NOTE
checkRd: (-1) DTWUMI_1gap_imputation.Rd:33: Lost braces in \itemize; \value handles \item{}{} directly
checkRd: (-1) DTWUMI_1gap_imputation.Rd:34: Lost braces in \itemize; \value handles \item{}{} directly
checkRd: (-1) DTWUMI_1gap_imputation.Rd:35: Lost braces in \itemize; \value handles \item{}{} directly
checkRd: (-1) DTWUMI_1gap_imputation.Rd:36: Lost braces in \itemize; \value handles \item{}{} directly
checkRd: (-1) DTWUMI_1gap_imputation.Rd:37: Lost braces in \itemize; \value handles \item{}{} directly
Flavors: r-devel-linux-x86_64-debian-clang, r-devel-linux-x86_64-debian-gcc, r-devel-linux-x86_64-fedora-clang, r-devel-linux-x86_64-fedora-gcc, r-devel-macos-arm64, r-devel-macos-x86_64, r-devel-windows-x86_64, r-patched-linux-x86_64, r-release-linux-x86_64, r-release-macos-arm64, r-release-macos-x86_64, r-release-windows-x86_64
These binaries (installable software) and packages are in development.
They may not be fully stable and should be used with caution. We make no claims about them.