Last updated on 2024-07-27 15:50:16 CEST.
Flavor | Version | Tinstall | Tcheck | Ttotal | Status | Flags |
---|---|---|---|---|---|---|
r-devel-linux-x86_64-debian-clang | 0.0.3 | 3.00 | 42.71 | 45.71 | OK | |
r-devel-linux-x86_64-debian-gcc | 0.0.3 | OK | ||||
r-devel-linux-x86_64-fedora-clang | 0.0.3 | 58.85 | OK | |||
r-devel-linux-x86_64-fedora-gcc | 0.0.3 | 66.59 | OK | |||
r-devel-windows-x86_64 | 0.0.3 | 4.00 | 58.00 | 62.00 | OK | |
r-patched-linux-x86_64 | 0.0.3 | OK | ||||
r-release-linux-x86_64 | 0.0.3 | 2.05 | 39.92 | 41.97 | OK | |
r-release-macos-arm64 | 0.0.3 | 42.00 | OK | |||
r-release-macos-x86_64 | 0.0.3 | 96.00 | OK | |||
r-release-windows-x86_64 | 0.0.3 | 4.00 | 56.00 | 60.00 | OK | |
r-oldrel-macos-arm64 | 0.0.3 | 38.00 | ERROR | |||
r-oldrel-macos-x86_64 | 0.0.3 | 61.00 | ERROR | |||
r-oldrel-windows-x86_64 | 0.0.3 | 5.00 | 61.00 | 66.00 | OK |
Version: 0.0.3
Check: running R code from vignettes
Result: ERROR
Errors in running code in vignettes:
when running code in ‘Introduction_to_DTwrappers2.Rmd’
...
+ tidy = TRUE)
> devtools::load_all(".")
When sourcing ‘Introduction_to_DTwrappers2.R’:
Error: Could not find a root 'DESCRIPTION' file that starts with '^Package' in
'/private/var/folders/k4/0jwzxmln0nb8y6rkzprptb640000gq/T/Rtmp2Q3nqu/filef148383a6dcf/vignettes'.
ℹ Are you in your project directory and does your project have a 'DESCRIPTION'
file?
Execution halted
‘Introduction_to_DTwrappers2.Rmd’ using ‘UTF-8’... failed
Flavor: r-oldrel-macos-arm64
Version: 0.0.3
Check: running R code from vignettes
Result: ERROR
Errors in running code in vignettes:
when running code in ‘Introduction_to_DTwrappers2.Rmd’
...
+ tidy = TRUE)
> devtools::load_all(".")
When sourcing ‘Introduction_to_DTwrappers2.R’:
Error: Could not find a root 'DESCRIPTION' file that starts with '^Package' in
'/private/var/folders/2b/t0kwbtmn3p7brv2mvx39c9cr0000gn/T/Rtmp7kBYWP/file1118a4e47e49c/vignettes'.
ℹ Are you in your project directory and does your project have a 'DESCRIPTION'
file?
Execution halted
‘Introduction_to_DTwrappers2.Rmd’ using ‘UTF-8’... failed
Flavor: r-oldrel-macos-x86_64
These binaries (installable software) and packages are in development.
They may not be fully stable and should be used with caution. We make no claims about them.