CRAN Package Check Results for Package DVHmetrics

Last updated on 2025-05-08 04:52:03 CEST.

Flavor Version Tinstall Tcheck Ttotal Status Flags
r-devel-linux-x86_64-debian-clang 0.4.2 13.38 125.69 139.07 OK
r-devel-linux-x86_64-debian-gcc 0.4.2 8.23 88.74 96.97 OK
r-devel-linux-x86_64-fedora-clang 0.4.2 209.16 NOTE
r-devel-linux-x86_64-fedora-gcc 0.4.2 217.95 NOTE
r-devel-windows-x86_64 0.4.2 13.00 174.00 187.00 OK
r-patched-linux-x86_64 0.4.2 12.20 119.84 132.04 OK
r-release-linux-x86_64 0.4.2 12.30 120.48 132.78 OK
r-release-macos-arm64 0.4.2 95.00 OK
r-release-macos-x86_64 0.4.2 134.00 OK
r-release-windows-x86_64 0.4.2 16.00 179.00 195.00 OK
r-oldrel-macos-arm64 0.4.2 64.00 OK
r-oldrel-macos-x86_64 0.4.2 166.00 OK
r-oldrel-windows-x86_64 0.4.2 18.00 199.00 217.00 OK

Check Details

Version: 0.4.2
Check: dependencies in R code
Result: NOTE Namespace in Imports field not imported from: ‘DT’ All declared Imports should be used. Flavors: r-devel-linux-x86_64-fedora-clang, r-devel-linux-x86_64-fedora-gcc

These binaries (installable software) and packages are in development.
They may not be fully stable and should be used with caution. We make no claims about them.