CRAN Package Check Results for Package DWaveNARDL

Last updated on 2025-05-23 11:55:52 CEST.

Flavor Version Tinstall Tcheck Ttotal Status Flags
r-devel-linux-x86_64-debian-clang 0.1.0 2.25 26.31 28.56 OK
r-devel-linux-x86_64-debian-gcc 0.1.0 2.32 21.41 23.73 OK
r-devel-linux-x86_64-fedora-clang 0.1.0 47.00 NOTE
r-devel-linux-x86_64-fedora-gcc 0.1.0 44.43 NOTE
r-devel-windows-x86_64 0.1.0 6.00 52.00 58.00 OK
r-patched-linux-x86_64 0.1.0 2.95 25.04 27.99 OK
r-release-linux-x86_64 0.1.0 2.79 25.28 28.07 OK
r-release-macos-arm64 0.1.0 18.00 OK
r-release-macos-x86_64 0.1.0 34.00 OK
r-release-windows-x86_64 0.1.0 5.00 78.00 83.00 OK
r-oldrel-macos-arm64 0.1.0 25.00 OK
r-oldrel-macos-x86_64 0.1.0 38.00 OK
r-oldrel-windows-x86_64 0.1.0 6.00 53.00 59.00 OK

Check Details

Version: 0.1.0
Check: dependencies in R code
Result: NOTE Namespace in Imports field not imported from: ‘roxygen2’ All declared Imports should be used. Flavors: r-devel-linux-x86_64-fedora-clang, r-devel-linux-x86_64-fedora-gcc

These binaries (installable software) and packages are in development.
They may not be fully stable and should be used with caution. We make no claims about them.