CRAN Package Check Results for Package DWaveNARDL

Last updated on 2025-10-24 05:50:37 CEST.

Flavor Version Tinstall Tcheck Ttotal Status Flags
r-devel-linux-x86_64-debian-clang 0.1.0 2.62 27.56 30.18 OK
r-devel-linux-x86_64-debian-gcc 0.1.0 2.13 22.04 24.17 OK
r-devel-linux-x86_64-fedora-clang 0.1.0 44.34 NOTE
r-devel-linux-x86_64-fedora-gcc 0.1.0 43.16 NOTE
r-devel-windows-x86_64 0.1.0 5.00 45.00 50.00 OK
r-patched-linux-x86_64 0.1.0 2.84 26.26 29.10 OK
r-release-linux-x86_64 0.1.0 2.54 25.75 28.29 OK
r-release-macos-arm64 0.1.0 2.00 16.00 18.00 OK
r-release-macos-x86_64 0.1.0 3.00 31.00 34.00 OK
r-release-windows-x86_64 0.1.0 5.00 48.00 53.00 OK
r-oldrel-macos-arm64 0.1.0 2.00 23.00 25.00 OK
r-oldrel-macos-x86_64 0.1.0 2.00 36.00 38.00 OK
r-oldrel-windows-x86_64 0.1.0 8.00 54.00 62.00 OK

Check Details

Version: 0.1.0
Check: dependencies in R code
Result: NOTE Namespace in Imports field not imported from: ‘roxygen2’ All declared Imports should be used. Flavors: r-devel-linux-x86_64-fedora-clang, r-devel-linux-x86_64-fedora-gcc

These binaries (installable software) and packages are in development.
They may not be fully stable and should be used with caution. We make no claims about them.