CRAN Package Check Results for Package DWreg

Last updated on 2025-05-01 14:49:08 CEST.

Flavor Version Tinstall Tcheck Ttotal Status Flags
r-devel-linux-x86_64-debian-clang 2.0 6.86 62.38 69.24 NOTE
r-devel-linux-x86_64-debian-gcc 2.0 4.89 45.07 49.96 NOTE
r-devel-linux-x86_64-fedora-clang 2.0 107.07 OK
r-devel-linux-x86_64-fedora-gcc 2.0 104.25 OK
r-devel-windows-x86_64 2.0 9.00 73.00 82.00 OK
r-patched-linux-x86_64 2.0 6.82 59.38 66.20 OK
r-release-linux-x86_64 OK
r-release-macos-arm64 2.0 32.00 OK
r-release-macos-x86_64 2.0 58.00 OK
r-release-windows-x86_64 2.0 9.00 75.00 84.00 OK
r-oldrel-macos-arm64 2.0 32.00 OK
r-oldrel-macos-x86_64 2.0 47.00 OK
r-oldrel-windows-x86_64 2.0 10.00 90.00 100.00 OK

Check Details

Version: 2.0
Check: CRAN incoming feasibility
Result: NOTE Maintainer: ‘Veronica Vinciotti<veronica.vinciotti@brunel.ac.uk>’ No Authors@R field in DESCRIPTION. Please add one, modifying Authors@R: person(given = "Veronica", family = "Vinciotti", role = c("aut", "cre"), email = "veronica.vinciotti@brunel.ac.uk") as necessary. Flavors: r-devel-linux-x86_64-debian-clang, r-devel-linux-x86_64-debian-gcc

Version: 2.0
Check: examples
Result: NOTE Examples with CPU (user + system) or elapsed time > 5s user system elapsed res.dw 4.405 0.053 5.602 Flavor: r-devel-linux-x86_64-debian-clang

These binaries (installable software) and packages are in development.
They may not be fully stable and should be used with caution. We make no claims about them.