CRAN Package Check Results for Package DYNATE

Last updated on 2025-10-03 15:49:48 CEST.

Flavor Version Tinstall Tcheck Ttotal Status Flags
r-devel-linux-x86_64-debian-clang 0.1 12.23 98.30 110.53 NOTE
r-devel-linux-x86_64-debian-gcc 0.1 7.95 66.30 74.25 NOTE
r-devel-linux-x86_64-fedora-clang 0.1 167.23 OK
r-devel-linux-x86_64-fedora-gcc 0.1 171.62 OK
r-devel-windows-x86_64 0.1 12.00 98.00 110.00 OK
r-patched-linux-x86_64 0.1 11.65 89.02 100.67 OK
r-release-linux-x86_64 0.1 10.60 88.79 99.39 OK
r-release-macos-arm64 0.1 58.00 OK
r-release-macos-x86_64 0.1 101.00 OK
r-release-windows-x86_64 0.1 13.00 96.00 109.00 OK
r-oldrel-macos-arm64 0.1 51.00 OK
r-oldrel-macos-x86_64 0.1 80.00 OK
r-oldrel-windows-x86_64 0.1 17.00 126.00 143.00 OK

Check Details

Version: 0.1
Check: CRAN incoming feasibility
Result: NOTE Maintainer: ‘Xuechan Li <xuechanli0530@gmail.com>’ The Description field contains <arXiv:1906.07757v2> and Li, Sung and Xie (2021) <arXiv:2103.11085v2>. Please refer to arXiv e-prints via their arXiv DOI <doi:10.48550/arXiv.YYMM.NNNNN>. Flavors: r-devel-linux-x86_64-debian-clang, r-devel-linux-x86_64-debian-gcc

These binaries (installable software) and packages are in development.
They may not be fully stable and should be used with caution. We make no claims about them.