Last updated on 2025-05-01 12:49:25 CEST.
Flavor | Version | Tinstall | Tcheck | Ttotal | Status | Flags |
---|---|---|---|---|---|---|
r-devel-linux-x86_64-debian-clang | 1.0.0 | 14.61 | 282.98 | 297.59 | NOTE | |
r-devel-linux-x86_64-debian-gcc | 1.0.0 | 9.47 | 217.24 | 226.71 | OK | |
r-devel-linux-x86_64-fedora-clang | 1.0.0 | 491.05 | OK | |||
r-devel-linux-x86_64-fedora-gcc | 1.0.0 | 505.84 | OK | |||
r-devel-windows-x86_64 | 1.0.0 | 14.00 | 363.00 | 377.00 | OK | |
r-patched-linux-x86_64 | 1.0.0 | 12.79 | 280.89 | 293.68 | OK | |
r-release-linux-x86_64 | OK | |||||
r-release-macos-arm64 | 1.0.0 | 169.00 | OK | |||
r-release-macos-x86_64 | 1.0.0 | 304.00 | OK | |||
r-release-windows-x86_64 | 1.0.0 | 16.00 | 363.00 | 379.00 | OK | |
r-oldrel-macos-arm64 | 1.0.0 | 168.00 | OK | |||
r-oldrel-macos-x86_64 | 1.0.0 | 310.00 | OK | |||
r-oldrel-windows-x86_64 | 1.0.0 | 18.00 | 485.00 | 503.00 | OK |
Version: 1.0.0
Check: examples
Result: NOTE
Examples with CPU (user + system) or elapsed time > 5s
user system elapsed
detect_damage 6.569 0.155 8.64
Flavor: r-devel-linux-x86_64-debian-clang
Version: 1.0.0
Check: examples
Result: NA
user system elapsed
detect_damage 5.643 0.157 7.944
OK
Flavor: r-devel-linux-x86_64-debian-gcc
These binaries (installable software) and packages are in development.
They may not be fully stable and should be used with caution. We make no claims about them.