Last updated on 2025-07-02 03:50:39 CEST.
Flavor | Version | Tinstall | Tcheck | Ttotal | Status | Flags |
---|---|---|---|---|---|---|
r-devel-linux-x86_64-debian-clang | 1.0.0 | 15.65 | 104.54 | 120.19 | NOTE | |
r-devel-linux-x86_64-debian-gcc | 1.0.0 | 9.37 | 73.64 | 83.01 | NOTE | |
r-devel-linux-x86_64-fedora-clang | 1.0.0 | 180.50 | OK | |||
r-devel-linux-x86_64-fedora-gcc | 1.0.0 | 178.13 | OK | |||
r-devel-windows-x86_64 | 1.0.0 | 17.00 | 100.00 | 117.00 | OK | |
r-patched-linux-x86_64 | OK | |||||
r-release-linux-x86_64 | 1.0.0 | 13.91 | 97.35 | 111.26 | OK | |
r-release-macos-arm64 | 1.0.0 | 50.00 | OK | |||
r-release-macos-x86_64 | 1.0.0 | 96.00 | OK | |||
r-release-windows-x86_64 | 1.0.0 | 15.00 | 102.00 | 117.00 | OK | |
r-oldrel-macos-arm64 | 1.0.0 | 48.00 | OK | |||
r-oldrel-macos-x86_64 | 1.0.0 | 72.00 | OK | |||
r-oldrel-windows-x86_64 | 1.0.0 | 20.00 | 134.00 | 154.00 | OK |
Version: 1.0.0
Check: CRAN incoming feasibility
Result: NOTE
Maintainer: ‘Damian Siniakowicz <DamianSiniakowicz@gmail.com>’
No Authors@R field in DESCRIPTION.
Please add one, modifying
Authors@R: person(given = "Damian",
family = "Siniakowicz",
role = c("aut", "cre"),
email = "damiansiniakowicz@gmail.com")
as necessary.
Flavors: r-devel-linux-x86_64-debian-clang, r-devel-linux-x86_64-debian-gcc
These binaries (installable software) and packages are in development.
They may not be fully stable and should be used with caution. We make no claims about them.