Last updated on 2025-05-08 04:52:02 CEST.
Flavor | Version | Tinstall | Tcheck | Ttotal | Status | Flags |
---|---|---|---|---|---|---|
r-devel-linux-x86_64-debian-clang | 1.0 | 7.13 | 71.25 | 78.38 | NOTE | |
r-devel-linux-x86_64-debian-gcc | 1.0 | 6.78 | 56.39 | 63.17 | NOTE | |
r-devel-linux-x86_64-fedora-clang | 1.0 | 137.53 | OK | |||
r-devel-linux-x86_64-fedora-gcc | 1.0 | 134.10 | OK | |||
r-devel-windows-x86_64 | 1.0 | 7.00 | 70.00 | 77.00 | OK | |
r-patched-linux-x86_64 | 1.0 | 7.53 | 85.48 | 93.01 | OK | |
r-release-linux-x86_64 | 1.0 | 6.29 | 72.34 | 78.63 | OK | |
r-release-macos-arm64 | 1.0 | 36.00 | OK | |||
r-release-macos-x86_64 | 1.0 | 55.00 | OK | |||
r-release-windows-x86_64 | 1.0 | 7.00 | 72.00 | 79.00 | OK | |
r-oldrel-macos-arm64 | 1.0 | 30.00 | OK | |||
r-oldrel-macos-x86_64 | 1.0 | 46.00 | OK | |||
r-oldrel-windows-x86_64 | 1.0 | 7.00 | 78.00 | 85.00 | OK |
Version: 1.0
Check: CRAN incoming feasibility
Result: NOTE
Maintainer: ‘Xiaorui(Jeremy) Zhu <zhuxiaorui1989@gmail.com>’
No Authors@R field in DESCRIPTION.
Please add one, modifying
Authors@R: c(person(given = "Xiaorui",
family = "Zhu",
role = "aut",
comment = "Jeremy"),
person(given = "Xiaorui",
family = "Zhu",
role = "cre",
email = "zhuxiaorui1989@gmail.com",
comment = "Jeremy"))
as necessary.
Flavors: r-devel-linux-x86_64-debian-clang, r-devel-linux-x86_64-debian-gcc
These binaries (installable software) and packages are in development.
They may not be fully stable and should be used with caution. We make no claims about them.