Last updated on 2025-07-01 11:49:16 CEST.
Flavor | Version | Tinstall | Tcheck | Ttotal | Status | Flags |
---|---|---|---|---|---|---|
r-devel-linux-x86_64-debian-clang | 1.0 | 6.98 | 71.89 | 78.87 | NOTE | |
r-devel-linux-x86_64-debian-gcc | 1.0 | 6.54 | 57.77 | 64.31 | NOTE | |
r-devel-linux-x86_64-fedora-clang | 1.0 | 140.40 | OK | |||
r-devel-linux-x86_64-fedora-gcc | 1.0 | 137.21 | OK | |||
r-devel-windows-x86_64 | 1.0 | 8.00 | 69.00 | 77.00 | OK | |
r-patched-linux-x86_64 | OK | |||||
r-release-linux-x86_64 | 1.0 | 6.51 | 73.16 | 79.67 | OK | |
r-release-macos-arm64 | 1.0 | 36.00 | OK | |||
r-release-macos-x86_64 | 1.0 | 55.00 | OK | |||
r-release-windows-x86_64 | 1.0 | 6.00 | 71.00 | 77.00 | OK | |
r-oldrel-macos-arm64 | 1.0 | 30.00 | OK | |||
r-oldrel-macos-x86_64 | 1.0 | 46.00 | OK | |||
r-oldrel-windows-x86_64 | 1.0 | 8.00 | 84.00 | 92.00 | OK |
Version: 1.0
Check: CRAN incoming feasibility
Result: NOTE
Maintainer: ‘Xiaorui(Jeremy) Zhu <zhuxiaorui1989@gmail.com>’
No Authors@R field in DESCRIPTION.
Please add one, modifying
Authors@R: c(person(given = "Xiaorui",
family = "Zhu",
role = "aut",
comment = "Jeremy"),
person(given = "Xiaorui",
family = "Zhu",
role = "cre",
email = "zhuxiaorui1989@gmail.com",
comment = "Jeremy"))
as necessary.
Flavors: r-devel-linux-x86_64-debian-clang, r-devel-linux-x86_64-debian-gcc
These binaries (installable software) and packages are in development.
They may not be fully stable and should be used with caution. We make no claims about them.