CRAN Package Check Results for Package DataEditR

Last updated on 2025-05-08 04:52:02 CEST.

Flavor Version Tinstall Tcheck Ttotal Status Flags
r-devel-linux-x86_64-debian-clang 0.1.5 4.78 48.39 53.17 NOTE
r-devel-linux-x86_64-debian-gcc 0.1.5 3.72 37.42 41.14 NOTE
r-devel-linux-x86_64-fedora-clang 0.1.5 90.95 NOTE
r-devel-linux-x86_64-fedora-gcc 0.1.5 95.81 NOTE
r-devel-windows-x86_64 0.1.5 6.00 70.00 76.00 NOTE
r-patched-linux-x86_64 0.1.5 5.12 45.27 50.39 NOTE
r-release-linux-x86_64 0.1.5 5.25 45.54 50.79 NOTE
r-release-macos-arm64 0.1.5 58.00 NOTE
r-release-macos-x86_64 0.1.5 71.00 NOTE
r-release-windows-x86_64 0.1.5 7.00 73.00 80.00 NOTE
r-oldrel-macos-arm64 0.1.5 43.00 NOTE
r-oldrel-macos-x86_64 0.1.5 60.00 NOTE
r-oldrel-windows-x86_64 0.1.5 8.00 83.00 91.00 NOTE

Check Details

Version: 0.1.5
Check: Rd files
Result: NOTE checkRd: (-1) data_edit.Rd:137: Lost braces 137 | code{data_edit} is a shiny application built on \code{rhandsontable} that is | ^ Flavors: r-devel-linux-x86_64-debian-clang, r-devel-linux-x86_64-debian-gcc, r-devel-linux-x86_64-fedora-clang, r-devel-linux-x86_64-fedora-gcc, r-devel-windows-x86_64, r-patched-linux-x86_64, r-release-linux-x86_64, r-release-macos-arm64, r-release-macos-x86_64, r-release-windows-x86_64, r-oldrel-macos-arm64, r-oldrel-macos-x86_64, r-oldrel-windows-x86_64

These binaries (installable software) and packages are in development.
They may not be fully stable and should be used with caution. We make no claims about them.