Last updated on 2025-02-16 10:50:44 CET.
Flavor | Version | Tinstall | Tcheck | Ttotal | Status | Flags |
---|---|---|---|---|---|---|
r-devel-linux-x86_64-debian-clang | 1.0.3 | 6.30 | 48.70 | 55.00 | NOTE | |
r-devel-linux-x86_64-debian-gcc | 1.0.3 | 4.57 | 35.83 | 40.40 | NOTE | |
r-devel-linux-x86_64-fedora-clang | 1.0.3 | 88.53 | NOTE | |||
r-devel-linux-x86_64-fedora-gcc | 1.0.3 | 94.88 | NOTE | |||
r-devel-macos-arm64 | 1.0.3 | 39.00 | OK | |||
r-devel-macos-x86_64 | 1.0.3 | 62.00 | NOTE | |||
r-devel-windows-x86_64 | 1.0.3 | 8.00 | 81.00 | 89.00 | NOTE | |
r-patched-linux-x86_64 | 1.0.3 | 5.40 | 45.87 | 51.27 | OK | |
r-release-linux-x86_64 | 1.0.3 | 5.11 | 45.56 | 50.67 | OK | |
r-release-macos-arm64 | 1.0.3 | 44.00 | OK | |||
r-release-macos-x86_64 | 1.0.3 | 62.00 | OK | |||
r-release-windows-x86_64 | 1.0.3 | 7.00 | 67.00 | 74.00 | OK | |
r-oldrel-macos-arm64 | 1.0.3 | 45.00 | OK | |||
r-oldrel-macos-x86_64 | 1.0.3 | 61.00 | OK | |||
r-oldrel-windows-x86_64 | 1.0.3 | 9.00 | 94.00 | 103.00 | OK |
Version: 1.0.3
Check: DESCRIPTION meta-information
Result: NOTE
Missing dependency on R >= 4.1.0 because package code uses the pipe
|> or function shorthand \(...) syntax added in R 4.1.0.
File(s) using such syntax:
‘calculateDMY.R’
Flavors: r-devel-linux-x86_64-debian-clang, r-devel-linux-x86_64-debian-gcc, r-devel-linux-x86_64-fedora-clang, r-devel-linux-x86_64-fedora-gcc, r-devel-macos-x86_64, r-devel-windows-x86_64
These binaries (installable software) and packages are in development.
They may not be fully stable and should be used with caution. We make no claims about them.