Last updated on 2025-05-01 12:49:25 CEST.
Flavor | Version | Tinstall | Tcheck | Ttotal | Status | Flags |
---|---|---|---|---|---|---|
r-devel-linux-x86_64-debian-clang | 0.16.1 | 5.46 | 212.19 | 217.65 | NOTE | |
r-devel-linux-x86_64-debian-gcc | 0.16.1 | 3.11 | 165.81 | 168.92 | OK | |
r-devel-linux-x86_64-fedora-clang | 0.16.1 | 341.81 | OK | |||
r-devel-linux-x86_64-fedora-gcc | 0.16.1 | 345.49 | OK | |||
r-devel-windows-x86_64 | 0.16.1 | 7.00 | 275.00 | 282.00 | OK | |
r-patched-linux-x86_64 | 0.16.1 | 5.23 | 205.94 | 211.17 | OK | |
r-release-linux-x86_64 | OK | |||||
r-release-macos-arm64 | 0.16.1 | 149.00 | OK | |||
r-release-macos-x86_64 | 0.16.1 | 227.00 | OK | |||
r-release-windows-x86_64 | 0.16.1 | 7.00 | 273.00 | 280.00 | OK | |
r-oldrel-macos-arm64 | 0.16.1 | 144.00 | OK | |||
r-oldrel-macos-x86_64 | 0.16.1 | 259.00 | OK | |||
r-oldrel-windows-x86_64 | 0.16.1 | 8.00 | 339.00 | 347.00 | OK |
Version: 0.16.1
Check: examples
Result: NOTE
Examples with CPU (user + system) or elapsed time > 5s
user system elapsed
DataPackageR-package 4.421 0.425 6.472
Flavor: r-devel-linux-x86_64-debian-clang
These binaries (installable software) and packages are in development.
They may not be fully stable and should be used with caution. We make no claims about them.